CRAN Package Check Results for Package measuRing

Last updated on 2023-12-02 00:52:01 CET.

Flavor Version Tinstall Tcheck Ttotal Status Flags
r-devel-linux-x86_64-debian-clang 0.5 12.77 104.95 117.72 NOTE
r-devel-linux-x86_64-debian-gcc 0.5 9.70 80.05 89.75 NOTE
r-devel-linux-x86_64-fedora-clang 0.5 146.53 NOTE
r-devel-linux-x86_64-fedora-gcc 0.5 142.98 NOTE
r-devel-windows-x86_64 0.5 10.00 97.00 107.00 NOTE
r-patched-linux-x86_64 0.5 17.94 101.89 119.83 NOTE
r-release-linux-x86_64 0.5 10.35 102.64 112.99 NOTE
r-release-macos-arm64 0.5 50.00 NOTE
r-release-macos-x86_64 0.5 75.00 NOTE
r-release-windows-x86_64 0.5 16.00 112.00 128.00 NOTE
r-oldrel-macos-arm64 0.5 38.00 NOTE
r-oldrel-macos-x86_64 0.5 55.00 NOTE
r-oldrel-windows-x86_64 0.5 14.00 115.00 129.00 NOTE

Check Details

Version: 0.5
Check: LazyData
Result: NOTE 'LazyData' is specified without a 'data' directory Flavors: r-devel-linux-x86_64-debian-clang, r-devel-linux-x86_64-debian-gcc, r-devel-linux-x86_64-fedora-clang, r-devel-linux-x86_64-fedora-gcc, r-devel-windows-x86_64, r-patched-linux-x86_64, r-release-linux-x86_64, r-release-macos-arm64, r-release-macos-x86_64, r-release-windows-x86_64, r-oldrel-macos-arm64, r-oldrel-macos-x86_64, r-oldrel-windows-x86_64