CRAN Package Check Results for Package memo

Last updated on 2021-10-15 00:49:07 CEST.

Flavor Version Tinstall Tcheck Ttotal Status Flags
r-devel-linux-x86_64-debian-clang 1.0.1 2.50 23.87 26.37 NOTE
r-devel-linux-x86_64-debian-gcc 1.0.1 1.97 19.03 21.00 NOTE
r-devel-linux-x86_64-fedora-clang 1.0.1 43.05 OK
r-devel-linux-x86_64-fedora-gcc 1.0.1 33.54 OK
r-devel-windows-x86_64 1.0.1 6.00 33.00 39.00 NOTE
r-devel-windows-x86_64-gcc10-UCRT 1.0.1 OK
r-patched-linux-x86_64 1.0.1 2.36 23.02 25.38 NOTE
r-patched-solaris-x86 1.0.1 52.70 OK
r-release-linux-x86_64 1.0.1 2.31 22.60 24.91 NOTE
r-release-macos-arm64 1.0.1 OK
r-release-macos-x86_64 1.0.1 OK
r-release-windows-ix86+x86_64 1.0.1 10.00 52.00 62.00 NOTE
r-oldrel-macos-x86_64 1.0.1 OK
r-oldrel-windows-ix86+x86_64 1.0.1 9.00 49.00 58.00 NOTE

Check Details

Version: 1.0.1
Check: package vignettes
Result: NOTE
    Package vignette with placeholder title 'Vignette Title':
     'README.Rmd'
Flavors: r-devel-linux-x86_64-debian-clang, r-devel-linux-x86_64-debian-gcc, r-devel-windows-x86_64, r-patched-linux-x86_64, r-release-linux-x86_64, r-release-windows-ix86+x86_64, r-oldrel-windows-ix86+x86_64