Last updated on 2023-06-04 00:54:35 CEST.
Flavor | Version | Tinstall | Tcheck | Ttotal | Status | Flags |
---|---|---|---|---|---|---|
r-devel-linux-x86_64-debian-clang | 1.0.2 | 2.48 | 28.69 | 31.17 | NOTE | |
r-devel-linux-x86_64-debian-gcc | 1.0.2 | 1.89 | 22.66 | 24.55 | NOTE | |
r-devel-linux-x86_64-fedora-clang | 1.0.2 | 39.51 | NOTE | |||
r-devel-linux-x86_64-fedora-gcc | 1.0.2 | 37.09 | NOTE | |||
r-devel-windows-x86_64 | 1.0.2 | 3.00 | 57.00 | 60.00 | NOTE | |
r-patched-linux-x86_64 | 1.0.2 | NOTE | ||||
r-release-linux-x86_64 | 1.0.2 | 2.06 | 27.96 | 30.02 | NOTE | |
r-release-macos-arm64 | 1.0.2 | 21.00 | NOTE | |||
r-release-macos-x86_64 | 1.0.2 | 27.00 | NOTE | |||
r-release-windows-x86_64 | 1.0.2 | 4.00 | 57.00 | 61.00 | NOTE | |
r-oldrel-macos-arm64 | 1.0.2 | 23.00 | NOTE | |||
r-oldrel-macos-x86_64 | 1.0.2 | 26.00 | NOTE | |||
r-oldrel-windows-x86_64 | 1.0.2 | 4.00 | 56.00 | 60.00 | NOTE |
Version: 1.0.2
Check: LazyData
Result: NOTE
'LazyData' is specified without a 'data' directory
Flavors: r-devel-linux-x86_64-debian-clang, r-devel-linux-x86_64-debian-gcc, r-devel-linux-x86_64-fedora-clang, r-devel-linux-x86_64-fedora-gcc, r-devel-windows-x86_64, r-patched-linux-x86_64, r-release-linux-x86_64, r-release-macos-arm64, r-release-macos-x86_64, r-release-windows-x86_64, r-oldrel-macos-arm64, r-oldrel-macos-x86_64, r-oldrel-windows-x86_64