CRAN Package Check Results for Package memofunc

Last updated on 2021-10-20 00:49:45 CEST.

Flavor Version Tinstall Tcheck Ttotal Status Flags
r-devel-linux-x86_64-debian-clang 1.0.2 2.00 26.24 28.24 NOTE
r-devel-linux-x86_64-debian-gcc 1.0.2 1.69 20.18 21.87 NOTE
r-devel-linux-x86_64-fedora-clang 1.0.2 44.69 NOTE
r-devel-linux-x86_64-fedora-gcc 1.0.2 33.96 NOTE
r-devel-windows-x86_64 1.0.2 4.00 48.00 52.00 NOTE
r-devel-windows-x86_64-gcc10-UCRT 1.0.2 NOTE
r-patched-linux-x86_64 1.0.2 2.16 24.81 26.97 NOTE
r-patched-solaris-x86 1.0.2 53.00 NOTE
r-release-linux-x86_64 1.0.2 2.21 25.48 27.69 NOTE
r-release-macos-arm64 1.0.2 NOTE
r-release-macos-x86_64 1.0.2 NOTE
r-release-windows-ix86+x86_64 1.0.2 5.00 46.00 51.00 NOTE
r-oldrel-macos-x86_64 1.0.2 OK
r-oldrel-windows-ix86+x86_64 1.0.2 5.00 49.00 54.00 OK

Check Details

Version: 1.0.2
Check: LazyData
Result: NOTE
     'LazyData' is specified without a 'data' directory
Flavors: r-devel-linux-x86_64-debian-clang, r-devel-linux-x86_64-debian-gcc, r-devel-linux-x86_64-fedora-clang, r-devel-linux-x86_64-fedora-gcc, r-devel-windows-x86_64, r-devel-windows-x86_64-gcc10-UCRT, r-patched-linux-x86_64, r-patched-solaris-x86, r-release-linux-x86_64, r-release-macos-arm64, r-release-macos-x86_64, r-release-windows-ix86+x86_64