CRAN Package Check Results for Package messydates

Last updated on 2021-10-19 00:49:22 CEST.

Flavor Version Tinstall Tcheck Ttotal Status Flags
r-devel-linux-x86_64-debian-clang 0.1.1 6.63 50.50 57.13 OK
r-devel-linux-x86_64-debian-gcc 0.1.1 4.83 38.31 43.14 OK
r-devel-linux-x86_64-fedora-clang 0.1.1 79.36 NOTE
r-devel-linux-x86_64-fedora-gcc 0.1.1 65.58 NOTE
r-devel-windows-x86_64 0.1.1 9.00 71.00 80.00 OK
r-devel-windows-x86_64-gcc10-UCRT 0.1.1 NOTE
r-patched-linux-x86_64 0.1.1 6.46 47.62 54.08 OK
r-patched-solaris-x86 0.1.1 107.60 NOTE
r-release-linux-x86_64 0.1.1 6.10 47.42 53.52 OK
r-release-macos-arm64 0.1.1 NOTE
r-release-macos-x86_64 0.1.1 NOTE
r-release-windows-ix86+x86_64 0.1.1 14.00 69.00 83.00 OK
r-oldrel-macos-x86_64 0.1.1 NOTE
r-oldrel-windows-ix86+x86_64 0.1.1 15.00 75.00 90.00 OK

Check Details

Version: 0.1.1
Check: dependencies in R code
Result: NOTE
    Namespace in Imports field not imported from: ‘covr’
     All declared Imports should be used.
Flavors: r-devel-linux-x86_64-fedora-clang, r-devel-linux-x86_64-fedora-gcc, r-devel-windows-x86_64-gcc10-UCRT, r-patched-solaris-x86, r-release-macos-arm64, r-release-macos-x86_64, r-oldrel-macos-x86_64