Last updated on 2023-12-11 00:49:11 CET.
Flavor | Version | Tinstall | Tcheck | Ttotal | Status | Flags |
---|---|---|---|---|---|---|
r-devel-linux-x86_64-debian-clang | 0.3.5 | 9.25 | 82.16 | 91.41 | NOTE | |
r-devel-linux-x86_64-debian-gcc | 0.3.5 | 6.94 | 60.16 | 67.10 | NOTE | |
r-devel-linux-x86_64-fedora-clang | 0.3.5 | 118.30 | NOTE | |||
r-devel-linux-x86_64-fedora-gcc | 0.3.5 | 115.13 | NOTE | |||
r-devel-windows-x86_64 | 0.3.5 | 7.00 | 82.00 | 89.00 | OK | |
r-patched-linux-x86_64 | 0.3.5 | 8.20 | 76.23 | 84.43 | OK | |
r-release-linux-x86_64 | 0.3.5 | 8.55 | 76.89 | 85.44 | OK | |
r-release-macos-arm64 | 0.3.5 | 42.00 | OK | |||
r-release-macos-x86_64 | 0.3.5 | 64.00 | OK | |||
r-release-windows-x86_64 | 0.3.5 | 10.00 | 96.00 | 106.00 | OK | |
r-oldrel-macos-arm64 | 0.3.5 | 36.00 | OK | |||
r-oldrel-macos-x86_64 | 0.3.5 | 50.00 | OK | |||
r-oldrel-windows-x86_64 | 0.3.5 | 10.00 | 96.00 | 106.00 | OK |
Version: 0.3.5
Check: Rd files
Result: NOTE
checkRd: (-1) expand.Rd:28: Lost braces; missing escapes or markup?
28 | approximate dates (annotated with '..', '{ , }', 'XX' or '~').
| ^
Flavors: r-devel-linux-x86_64-debian-clang, r-devel-linux-x86_64-debian-gcc
Version: 0.3.5
Check: data for non-ASCII characters
Result: NOTE
Note: found 1 marked UTF-8 string
Flavors: r-devel-linux-x86_64-fedora-clang, r-devel-linux-x86_64-fedora-gcc