CRAN Package Check Results for Package metaBMA

Last updated on 2021-10-25 00:49:17 CEST.

Flavor Version Tinstall Tcheck Ttotal Status Flags
r-devel-linux-x86_64-debian-clang 0.6.7 813.63 244.75 1058.38 NOTE
r-devel-linux-x86_64-debian-gcc 0.6.7 740.52 214.00 954.52 NOTE
r-devel-linux-x86_64-fedora-clang 0.6.7 1592.49 NOTE
r-devel-linux-x86_64-fedora-gcc 0.6.7 1753.06 NOTE
r-devel-windows-x86_64 0.6.7 1040.00 346.00 1386.00 NOTE
r-devel-windows-x86_64-gcc10-UCRT 0.6.7 NOTE
r-patched-linux-x86_64 0.6.7 868.88 272.11 1140.99 NOTE
r-patched-solaris-x86 0.6.7 1540.50 NOTE
r-release-linux-x86_64 0.6.7 856.41 275.49 1131.90 NOTE
r-release-macos-arm64 0.6.7 NOTE
r-release-macos-x86_64 0.6.7 NOTE
r-release-windows-ix86+x86_64 0.6.7 1462.00 505.00 1967.00 NOTE
r-oldrel-macos-x86_64 0.6.7 NOTE
r-oldrel-windows-ix86+x86_64 0.6.7 1986.00 506.00 2492.00 NOTE

Check Details

Version: 0.6.7
Check: for GNU extensions in Makefiles
Result: NOTE
    GNU make is a SystemRequirements.
Flavors: r-devel-linux-x86_64-debian-clang, r-devel-linux-x86_64-debian-gcc, r-devel-linux-x86_64-fedora-clang, r-devel-linux-x86_64-fedora-gcc, r-devel-windows-x86_64, r-devel-windows-x86_64-gcc10-UCRT, r-patched-linux-x86_64, r-patched-solaris-x86, r-release-linux-x86_64, r-release-macos-arm64, r-release-macos-x86_64, r-release-windows-ix86+x86_64, r-oldrel-macos-x86_64, r-oldrel-windows-ix86+x86_64

Version: 0.6.7
Check: installed package size
Result: NOTE
     installed size is 100.4Mb
     sub-directories of 1Mb or more:
     libs 99.6Mb
Flavors: r-devel-linux-x86_64-fedora-clang, r-devel-windows-x86_64, r-patched-solaris-x86, r-release-macos-arm64, r-release-macos-x86_64, r-release-windows-ix86+x86_64, r-oldrel-macos-x86_64, r-oldrel-windows-ix86+x86_64

Version: 0.6.7
Check: line endings in C/C++/Fortran sources/headers
Result: NOTE
    Found the following sources/headers with CR or CRLF line endings:
     src/RcppExports.cpp
    Some Unix compilers require LF line endings.
Flavor: r-devel-windows-x86_64-gcc10-UCRT