CRAN Package Check Results for Package metaBMA

Last updated on 2024-06-18 00:57:32 CEST.

Flavor Version Tinstall Tcheck Ttotal Status Flags
r-devel-linux-x86_64-debian-clang 0.6.9 1093.97 341.44 1435.41 OK
r-devel-linux-x86_64-debian-gcc 0.6.9 964.65 315.60 1280.25 OK
r-devel-linux-x86_64-fedora-clang 0.6.9 1788.20 NOTE
r-devel-linux-x86_64-fedora-gcc 0.6.9 2617.08 NOTE
r-devel-windows-x86_64 0.6.9 871.00 315.00 1186.00 NOTE
r-patched-linux-x86_64 0.6.9 0.01 2.86 2.87 ERROR
r-release-linux-x86_64 0.6.9 0.02 2.88 2.90 ERROR
r-release-macos-arm64 0.6.9 430.00 NOTE
r-release-macos-x86_64 0.6.9 413.00 NOTE
r-release-windows-x86_64 0.6.9 858.00 315.00 1173.00 NOTE
r-oldrel-macos-arm64 0.6.9 610.00 NOTE
r-oldrel-macos-x86_64 0.6.9 822.00 NOTE
r-oldrel-windows-x86_64 0.6.9 1130.00 407.00 1537.00 NOTE

Check Details

Version: 0.6.9
Check: installed package size
Result: NOTE installed size is 9.8Mb sub-directories of 1Mb or more: libs 9.0Mb Flavors: r-devel-linux-x86_64-fedora-clang, r-devel-windows-x86_64, r-release-macos-arm64, r-release-macos-x86_64, r-release-windows-x86_64, r-oldrel-macos-arm64, r-oldrel-macos-x86_64, r-oldrel-windows-x86_64

Version: 0.6.9
Check: for GNU extensions in Makefiles
Result: NOTE GNU make is a SystemRequirements. Flavors: r-devel-linux-x86_64-fedora-clang, r-devel-linux-x86_64-fedora-gcc, r-release-macos-arm64, r-release-macos-x86_64, r-oldrel-macos-arm64, r-oldrel-macos-x86_64

Version: 0.6.9
Check: whether package can be installed
Result: ERROR Installation failed. Flavors: r-patched-linux-x86_64, r-release-linux-x86_64