CRAN Package Check Results for Package metaCluster

Last updated on 2024-06-14 00:53:49 CEST.

Flavor Version Tinstall Tcheck Ttotal Status Flags
r-devel-linux-x86_64-debian-clang 0.1.0 18.51 162.68 181.19 OK
r-devel-linux-x86_64-debian-gcc 0.1.0 0.28 1.66 1.94 ERROR
r-devel-linux-x86_64-fedora-clang 0.1.0 225.63 OK
r-devel-linux-x86_64-fedora-gcc 0.1.0 207.14 OK
r-devel-windows-x86_64 0.1.0 17.00 114.00 131.00 OK
r-patched-linux-x86_64 0.1.0 14.97 148.93 163.90 OK
r-release-linux-x86_64 0.1.0 20.50 151.78 172.28 OK
r-release-macos-arm64 0.1.0 59.00 OK
r-release-macos-x86_64 0.1.0 86.00 OK
r-release-windows-x86_64 0.1.0 17.00 117.00 134.00 OK
r-oldrel-macos-arm64 0.1.0 66.00 OK
r-oldrel-macos-x86_64 0.1.0 104.00 OK
r-oldrel-windows-x86_64 0.1.0 23.00 154.00 177.00 OK

Check Details

Version: 0.1.0
Check: package dependencies
Result: ERROR Packages required but not available: 'factoextra', 'dplyr' See section ‘The DESCRIPTION file’ in the ‘Writing R Extensions’ manual. Flavor: r-devel-linux-x86_64-debian-gcc