CRAN Package Check Results for Package metajam

Last updated on 2021-10-26 00:59:57 CEST.

Flavor Version Tinstall Tcheck Ttotal Status Flags
r-devel-linux-x86_64-debian-clang 0.2.3 11.45 98.16 109.61 OK
r-devel-linux-x86_64-debian-gcc 0.2.3 8.98 74.89 83.87 OK
r-devel-linux-x86_64-fedora-clang 0.2.3 138.25 OK
r-devel-linux-x86_64-fedora-gcc 0.2.3 125.25 OK
r-devel-windows-x86_64 0.2.3 18.00 142.00 160.00 OK
r-devel-windows-x86_64-gcc10-UCRT 0.2.3 OK
r-patched-linux-x86_64 0.2.3 11.14 100.98 112.12 OK
r-patched-solaris-x86 0.2.3 211.20 OK
r-release-linux-x86_64 0.2.3 9.70 100.20 109.90 OK
r-release-macos-arm64 0.2.3 WARN
r-release-macos-x86_64 0.2.3 WARN
r-release-windows-ix86+x86_64 0.2.3 20.00 151.00 171.00 OK
r-oldrel-macos-x86_64 0.2.3 OK
r-oldrel-windows-ix86+x86_64 0.2.3 29.00 149.00 178.00 OK

Check Details

Version: 0.2.3
Check: package dependencies
Result: NOTE
    Package suggested but not available for checking: ‘udunits2’
Flavors: r-release-macos-arm64, r-release-macos-x86_64

Version: 0.2.3
Check: re-building of vignette outputs
Result: WARN
    Error(s) in re-building vignettes:
     ...
    --- re-building ‘dataset-batch-processing.Rmd’ using rmarkdown
    Quitting from lines 31-41 (dataset-batch-processing.Rmd)
    Error: processing vignette 'dataset-batch-processing.Rmd' failed with diagnostics:
    there is no package called 'udunits2'
    --- failed re-building ‘dataset-batch-processing.Rmd’
    
    --- re-building ‘dataset-single.Rmd’ using rmarkdown
    --- finished re-building ‘dataset-single.Rmd’
    
    --- re-building ‘package-download.Rmd’ using rmarkdown
    --- finished re-building ‘package-download.Rmd’
    
    --- re-building ‘reading-raster.Rmd’ using rmarkdown
    --- finished re-building ‘reading-raster.Rmd’
    
    SUMMARY: processing the following file failed:
     ‘dataset-batch-processing.Rmd’
    
    Error: Vignette re-building failed.
    Execution halted
Flavor: r-release-macos-arm64

Version: 0.2.3
Check: re-building of vignette outputs
Result: WARN
    Error(s) in re-building vignettes:
    --- re-building ‘dataset-batch-processing.Rmd’ using rmarkdown
    Warning in engine$weave(file, quiet = quiet, encoding = enc) :
     Pandoc (>= 1.12.3) not available. Falling back to R Markdown v1.
    Quitting from lines 31-41 (dataset-batch-processing.Rmd)
    Error: processing vignette 'dataset-batch-processing.Rmd' failed with diagnostics:
    there is no package called 'udunits2'
    --- failed re-building ‘dataset-batch-processing.Rmd’
    
    --- re-building ‘dataset-single.Rmd’ using rmarkdown
    Warning in engine$weave(file, quiet = quiet, encoding = enc) :
     Pandoc (>= 1.12.3) not available. Falling back to R Markdown v1.
    --- finished re-building ‘dataset-single.Rmd’
    
    --- re-building ‘package-download.Rmd’ using rmarkdown
    Warning in engine$weave(file, quiet = quiet, encoding = enc) :
     Pandoc (>= 1.12.3) not available. Falling back to R Markdown v1.
    --- finished re-building ‘package-download.Rmd’
    
    --- re-building ‘reading-raster.Rmd’ using rmarkdown
    Warning in engine$weave(file, quiet = quiet, encoding = enc) :
     Pandoc (>= 1.12.3) not available. Falling back to R Markdown v1.
    --- finished re-building ‘reading-raster.Rmd’
    
    SUMMARY: processing the following file failed:
     ‘dataset-batch-processing.Rmd’
    
    Error: Vignette re-building failed.
    Execution halted
Flavor: r-release-macos-x86_64