Last updated on 2023-03-27 00:50:29 CEST.
Flavor | Version | Tinstall | Tcheck | Ttotal | Status | Flags |
---|---|---|---|---|---|---|
r-devel-linux-x86_64-debian-clang | 0.3.0 | 3.71 | 37.49 | 41.20 | OK | |
r-devel-linux-x86_64-debian-gcc | 0.3.0 | 2.98 | 29.74 | 32.72 | OK | |
r-devel-linux-x86_64-fedora-clang | 0.3.0 | 54.32 | NOTE | |||
r-devel-linux-x86_64-fedora-gcc | 0.3.0 | 54.39 | NOTE | |||
r-patched-linux-x86_64 | 0.3.0 | 4.09 | 38.51 | 42.60 | OK | |
r-release-linux-x86_64 | 0.3.0 | 3.44 | 37.64 | 41.08 | OK | |
r-release-macos-arm64 | 0.3.0 | 22.00 | NOTE | |||
r-release-macos-x86_64 | 0.3.0 | 29.00 | NOTE | |||
r-release-windows-x86_64 | 0.3.0 | 23.00 | 78.00 | 101.00 | OK | |
r-oldrel-macos-arm64 | 0.3.0 | 23.00 | NOTE | |||
r-oldrel-macos-x86_64 | 0.3.0 | 29.00 | NOTE | |||
r-oldrel-windows-ix86+x86_64 | 0.3.0 | 8.00 | 72.00 | 80.00 | OK |
Version: 0.3.0
Check: dependencies in R code
Result: NOTE
Namespace in Imports field not imported from: ‘progress’
All declared Imports should be used.
Flavors: r-devel-linux-x86_64-fedora-clang, r-devel-linux-x86_64-fedora-gcc, r-release-macos-arm64, r-release-macos-x86_64, r-oldrel-macos-arm64, r-oldrel-macos-x86_64