Last updated on 2023-09-26 01:06:26 CEST.
Flavor | Version | Tinstall | Tcheck | Ttotal | Status | Flags |
---|---|---|---|---|---|---|
r-devel-linux-x86_64-debian-clang | 2.1.0 | 105.96 | 532.09 | 638.05 | OK | |
r-devel-linux-x86_64-debian-gcc | 2.1.0 | 72.29 | 412.99 | 485.28 | OK | |
r-devel-linux-x86_64-fedora-clang | 2.1.0 | 791.62 | NOTE | |||
r-devel-linux-x86_64-fedora-gcc | 2.1.0 | 862.85 | NOTE | |||
r-devel-windows-x86_64 | 2.1.0 | 75.00 | 392.00 | 467.00 | OK | |
r-patched-linux-x86_64 | 2.1.0 | 75.62 | 523.96 | 599.58 | OK | |
r-release-linux-x86_64 | 2.1.0 | 71.94 | 520.24 | 592.18 | OK | |
r-release-macos-arm64 | 2.1.0 | 197.00 | OK | |||
r-release-macos-x86_64 | 2.1.0 | 506.00 | OK | |||
r-release-windows-x86_64 | 2.1.0 | 99.00 | 436.00 | 535.00 | OK | |
r-oldrel-macos-arm64 | 2.1.0 | 180.00 | OK | |||
r-oldrel-macos-x86_64 | 2.1.0 | 375.00 | OK | |||
r-oldrel-windows-x86_64 | 2.1.0 | 93.00 | 434.00 | 527.00 | OK |
Version: 2.1.0
Check: data for non-ASCII characters
Result: NOTE
Note: found 3300 marked UTF-8 strings
Flavors: r-devel-linux-x86_64-fedora-clang, r-devel-linux-x86_64-fedora-gcc