CRAN Package Check Results for Package meteoland

Last updated on 2024-07-18 00:54:58 CEST.

Flavor Version Tinstall Tcheck Ttotal Status Flags
r-devel-linux-x86_64-debian-clang 2.2.1 95.03 535.65 630.68 OK
r-devel-linux-x86_64-debian-gcc 2.2.1 67.56 414.29 481.85 OK
r-devel-linux-x86_64-fedora-clang 2.2.1 808.94 NOTE
r-devel-linux-x86_64-fedora-gcc 2.2.1 842.76 NOTE
r-devel-windows-x86_64 2.2.1 77.00 396.00 473.00 OK
r-patched-linux-x86_64 2.2.1 56.74 542.97 599.71 OK
r-release-linux-x86_64 2.2.1 61.56 528.92 590.48 OK
r-release-macos-arm64 2.2.1 187.00 OK
r-release-macos-x86_64 2.2.1 324.00 OK
r-release-windows-x86_64 2.2.1 83.00 402.00 485.00 OK
r-oldrel-macos-arm64 2.2.1 179.00 OK
r-oldrel-macos-x86_64 2.2.1 560.00 OK
r-oldrel-windows-x86_64 2.2.1 101.00 436.00 537.00 OK

Check Details

Version: 2.2.1
Check: data for non-ASCII characters
Result: NOTE Note: found 3300 marked UTF-8 strings Flavors: r-devel-linux-x86_64-fedora-clang, r-devel-linux-x86_64-fedora-gcc