CRAN Package Check Results for Package metricminer

Last updated on 2024-07-23 00:54:32 CEST.

Flavor Version Tinstall Tcheck Ttotal Status Flags
r-devel-linux-x86_64-debian-clang 0.5.1 8.61 79.08 87.69 OK
r-devel-linux-x86_64-debian-gcc 0.5.1 6.97 60.25 67.22 NOTE
r-devel-linux-x86_64-fedora-clang 0.5.1 109.29 OK
r-devel-linux-x86_64-fedora-gcc 0.5.1 117.24 OK
r-devel-windows-x86_64 0.5.1 10.00 81.00 91.00 NOTE
r-patched-linux-x86_64 0.5.1 14.83 74.90 89.73 OK
r-release-linux-x86_64 0.5.1 5.23 73.16 78.39 OK
r-release-macos-arm64 0.5.1 41.00 OK
r-release-macos-x86_64 0.5.1 104.00 OK
r-release-windows-x86_64 0.5.1 8.00 83.00 91.00 OK
r-oldrel-macos-arm64 0.5.1 46.00 OK
r-oldrel-macos-x86_64 0.5.1 72.00 OK
r-oldrel-windows-x86_64 0.5.1 11.00 92.00 103.00 OK

Check Details

Version: 0.5.1
Check: Rd cross-references
Result: NOTE Found the following Rd file(s) with Rd \link{} targets missing package anchors: authorize.Rd: oauth2.0_token Please provide package anchors for all Rd \link{} targets not in the package itself and the base packages. Flavors: r-devel-linux-x86_64-debian-gcc, r-devel-windows-x86_64