CRAN Package Check Results for Package mev

Last updated on 2023-09-24 23:59:54 CEST.

Flavor Version Tinstall Tcheck Ttotal Status Flags
r-devel-linux-x86_64-debian-clang 1.15 155.34 221.05 376.39 NOTE
r-devel-linux-x86_64-debian-gcc 1.15 103.38 155.34 258.72 NOTE
r-devel-linux-x86_64-fedora-clang 1.15 472.77 NOTE
r-devel-linux-x86_64-fedora-gcc 1.15 500.24 NOTE
r-devel-windows-x86_64 1.15 106.00 214.00 320.00 NOTE
r-patched-linux-x86_64 1.15 138.33 209.39 347.72 NOTE
r-release-linux-x86_64 1.15 147.38 208.41 355.79 NOTE
r-release-macos-arm64 1.15 110.00 NOTE
r-release-macos-x86_64 1.15 259.00 NOTE
r-release-windows-x86_64 1.15 139.00 249.00 388.00 OK
r-oldrel-macos-arm64 1.15 108.00 ERROR
r-oldrel-macos-x86_64 1.15 132.00 ERROR
r-oldrel-windows-x86_64 1.15 135.00 212.00 347.00 OK

Check Details

Version: 1.15
Check: package dependencies
Result: NOTE
    Package suggested but not available for checking: ‘mvPot’
Flavors: r-devel-linux-x86_64-debian-clang, r-devel-linux-x86_64-debian-gcc, r-devel-linux-x86_64-fedora-clang, r-devel-linux-x86_64-fedora-gcc, r-patched-linux-x86_64, r-release-linux-x86_64

Version: 1.15
Check: Rd \usage sections
Result: NOTE
    Documented arguments not in \usage in documentation object '.gev.postpred':
     ‘vector’
    
    Documented arguments not in \usage in documentation object '.gpd_2D_fit':
     ‘...other’
    
    Documented arguments not in \usage in documentation object '.mvasym.check':
     ‘vector’
    
    Documented arguments not in \usage in documentation object '.rPexstud':
     ‘Sigma’
    
    Documented arguments not in \usage in documentation object '.rPsite':
     ‘index’ ‘param’
    
    Documented arguments not in \usage in documentation object '.rdirspec':
     ‘rho’
    
    Documented arguments not in \usage in documentation object '.rexstudspec':
     ‘index’ ‘Sigma’
    
    Documented arguments not in \usage in documentation object '.rhrspec':
     ‘index’
    
    Documented arguments not in \usage in documentation object '.rmevA1':
     ‘param’
    
    Documented arguments not in \usage in documentation object '.rmevA2':
     ‘param’
    
    Documented arguments not in \usage in documentation object '.rmevasy':
     ‘param’
    
    Documented arguments not in \usage in documentation object '.rmevspec_cpp':
     ‘param’
    
    Documented arguments not in \usage in documentation object '.wecdf':
     ‘ord’
    
    Documented arguments not in \usage in documentation object 'tem.corr':
     ‘fran’
    
    Functions with \usage entries need to have the appropriate \alias
    entries, and all their arguments documented.
    The \usage entries must correspond to syntactically valid R code.
    See chapter ‘Writing R documentation files’ in the ‘Writing R
    Extensions’ manual.
Flavors: r-devel-linux-x86_64-debian-clang, r-devel-linux-x86_64-debian-gcc, r-devel-linux-x86_64-fedora-clang, r-devel-linux-x86_64-fedora-gcc, r-devel-windows-x86_64

Version: 1.15
Check: installed package size
Result: NOTE
     installed size is 8.9Mb
     sub-directories of 1Mb or more:
     libs 6.9Mb
Flavors: r-release-macos-arm64, r-release-macos-x86_64, r-oldrel-macos-arm64, r-oldrel-macos-x86_64

Version: 1.15
Check: PDF version of manual
Result: WARN
    LaTeX errors when creating PDF version.
    This typically indicates Rd problems.
    LaTeX errors found:
    ! Misplaced alignment tab character &.
    <argument> \left (\begin {matrix} \cos (\rho ) &
     \sin (\rho ) \\ - \sigma \s...
    l.457 ... \sigma\cos(\rho) \end{matrix} \right)}{}
    
    ! Misplaced alignment tab character &.
    <argument> ...n (\rho ) \\ - \sigma \sin (\rho ) &
     \sigma \cos (\rho ) \end ...
    l.457 ... \sigma\cos(\rho) \end{matrix} \right)}{}
Flavors: r-oldrel-macos-arm64, r-oldrel-macos-x86_64

Version: 1.15
Check: PDF version of manual without index
Result: ERROR
Flavors: r-oldrel-macos-arm64, r-oldrel-macos-x86_64