Last updated on 2023-06-09 00:54:27 CEST.
Flavor | Version | Tinstall | Tcheck | Ttotal | Status | Flags |
---|---|---|---|---|---|---|
r-devel-linux-x86_64-debian-clang | 0.1.9 | 21.97 | 320.09 | 342.06 | OK | |
r-devel-linux-x86_64-debian-gcc | 0.1.9 | 17.64 | 239.94 | 257.58 | OK | |
r-devel-linux-x86_64-fedora-clang | 0.1.9 | 441.52 | NOTE | |||
r-devel-linux-x86_64-fedora-gcc | 0.1.9 | 427.89 | OK | |||
r-devel-windows-x86_64 | 0.1.9 | 20.00 | 346.00 | 366.00 | NOTE | |
r-patched-linux-x86_64 | 0.1.9 | 32.01 | 309.89 | 341.90 | OK | |
r-release-linux-x86_64 | 0.1.9 | 18.97 | 304.65 | 323.62 | OK | |
r-release-macos-arm64 | 0.1.9 | 141.00 | NOTE | |||
r-release-macos-x86_64 | 0.1.9 | 190.00 | NOTE | |||
r-release-windows-x86_64 | 0.1.9 | 28.00 | 431.00 | 459.00 | NOTE | |
r-oldrel-macos-arm64 | 0.1.9 | 121.00 | NOTE | |||
r-oldrel-macos-x86_64 | 0.1.9 | 192.00 | NOTE | |||
r-oldrel-windows-x86_64 | 0.1.9 | 28.00 | 405.00 | 433.00 | NOTE |
Version: 0.1.9
Check: installed package size
Result: NOTE
installed size is 5.3Mb
sub-directories of 1Mb or more:
doc 4.6Mb
Flavors: r-devel-linux-x86_64-fedora-clang, r-devel-windows-x86_64, r-release-macos-arm64, r-release-macos-x86_64, r-release-windows-x86_64, r-oldrel-macos-arm64, r-oldrel-macos-x86_64, r-oldrel-windows-x86_64
Version: 0.1.9
Check: package dependencies
Result: NOTE
Package suggested but not available for checking: ‘webshot2’
Flavors: r-oldrel-macos-arm64, r-oldrel-macos-x86_64