CRAN Package Check Results for Package mgcv

Last updated on 2021-09-27 00:48:18 CEST.

Flavor Version Tinstall Tcheck Ttotal Status Flags
r-devel-linux-x86_64-debian-clang 1.8-37 97.90 494.23 592.13 OK
r-devel-linux-x86_64-debian-gcc 1.8-37 70.51 361.30 431.81 OK
r-devel-linux-x86_64-fedora-clang 1.8-37 722.57 NOTE
r-devel-linux-x86_64-fedora-gcc 1.8-37 696.16 OK
r-devel-windows-x86_64 1.8-36 91.00 428.00 519.00 OK
r-devel-windows-x86_64-gcc10-UCRT 1.8-37 OK
r-patched-linux-x86_64 1.8-36 86.32 472.19 558.51 OK
r-patched-solaris-x86 1.8-37 OK
r-release-linux-x86_64 1.8-37 82.34 477.33 559.67 OK
r-release-macos-arm64 1.8-36 OK
r-release-macos-x86_64 1.8-37 OK
r-release-windows-ix86+x86_64 1.8-37 124.00 599.00 723.00 OK
r-oldrel-macos-x86_64 1.8-37 OK
r-oldrel-windows-ix86+x86_64 1.8-36 132.00 620.00 752.00 OK

Additional issues

LTO

Check Details

Version: 1.8-37
Check: installed package size
Result: NOTE
     installed size is 5.1Mb
     sub-directories of 1Mb or more:
     R 1.8Mb
     libs 2.1Mb
Flavor: r-devel-linux-x86_64-fedora-clang