Last updated on 2023-10-04 00:58:29 CEST.
Flavor | Version | Tinstall | Tcheck | Ttotal | Status | Flags |
---|---|---|---|---|---|---|
r-devel-linux-x86_64-debian-clang | 1.1 | 3.21 | 95.47 | 98.68 | NOTE | |
r-devel-linux-x86_64-debian-gcc | 1.1 | 2.41 | 72.90 | 75.31 | NOTE | |
r-devel-linux-x86_64-fedora-clang | 1.1 | 157.86 | NOTE | |||
r-devel-linux-x86_64-fedora-gcc | 1.1 | 166.16 | NOTE | |||
r-devel-windows-x86_64 | 1.1 | 5.00 | 153.00 | 158.00 | NOTE | |
r-patched-linux-x86_64 | 1.1 | 3.86 | 94.40 | 98.26 | NOTE | |
r-release-linux-x86_64 | 1.1 | 2.37 | 93.93 | 96.30 | NOTE | |
r-release-macos-arm64 | 1.1 | 29.00 | NOTE | |||
r-release-macos-x86_64 | 1.1 | 74.00 | NOTE | |||
r-release-windows-x86_64 | 1.1 | 5.00 | 166.00 | 171.00 | NOTE | |
r-oldrel-macos-arm64 | 1.1 | 23.00 | NOTE | |||
r-oldrel-macos-x86_64 | 1.1 | 54.00 | NOTE | |||
r-oldrel-windows-x86_64 | 1.1 | 5.00 | 166.00 | 171.00 | NOTE |
Version: 1.1
Check: LazyData
Result: NOTE
'LazyData' is specified without a 'data' directory
Flavors: r-devel-linux-x86_64-debian-clang, r-devel-linux-x86_64-debian-gcc, r-devel-linux-x86_64-fedora-clang, r-devel-linux-x86_64-fedora-gcc, r-devel-windows-x86_64, r-patched-linux-x86_64, r-release-linux-x86_64, r-release-macos-arm64, r-release-macos-x86_64, r-release-windows-x86_64, r-oldrel-macos-arm64, r-oldrel-macos-x86_64, r-oldrel-windows-x86_64