Last updated on 2023-06-10 00:54:50 CEST.
Flavor | Version | Tinstall | Tcheck | Ttotal | Status | Flags |
---|---|---|---|---|---|---|
r-devel-linux-x86_64-debian-clang | 1.3-0 | 14.83 | 142.76 | 157.59 | NOTE | |
r-devel-linux-x86_64-debian-gcc | 1.3-0 | 12.96 | 106.03 | 118.99 | NOTE | |
r-devel-linux-x86_64-fedora-clang | 1.3-0 | 193.80 | NOTE | |||
r-devel-linux-x86_64-fedora-gcc | 1.3-0 | 195.33 | NOTE | |||
r-devel-windows-x86_64 | 1.3-0 | 15.00 | 132.00 | 147.00 | NOTE | |
r-patched-linux-x86_64 | 1.3-0 | 12.15 | 134.26 | 146.41 | NOTE | |
r-release-linux-x86_64 | 1.3-0 | 12.91 | 132.75 | 145.66 | NOTE | |
r-release-macos-arm64 | 1.3-0 | 71.00 | NOTE | |||
r-release-macos-x86_64 | 1.3-0 | 96.00 | NOTE | |||
r-release-windows-x86_64 | 1.3-0 | 19.00 | 156.00 | 175.00 | NOTE | |
r-oldrel-macos-arm64 | 1.3-0 | 54.00 | OK | |||
r-oldrel-macos-x86_64 | 1.3-0 | 75.00 | OK | |||
r-oldrel-windows-x86_64 | 1.3-0 | 19.00 | 152.00 | 171.00 | OK |
Version: 1.3-0
Check: package subdirectories
Result: NOTE
Problems with news in ‘NEWS.md’:
No news entries found.
Flavors: r-devel-linux-x86_64-debian-clang, r-devel-linux-x86_64-debian-gcc, r-devel-linux-x86_64-fedora-clang, r-devel-linux-x86_64-fedora-gcc, r-devel-windows-x86_64, r-patched-linux-x86_64, r-release-linux-x86_64, r-release-macos-arm64, r-release-macos-x86_64, r-release-windows-x86_64