CRAN Package Check Results for Package microeco

Last updated on 2021-10-28 00:48:51 CEST.

Flavor Version Tinstall Tcheck Ttotal Status Flags
r-devel-linux-x86_64-debian-clang 0.5.1 23.21 135.23 158.44 OK
r-devel-linux-x86_64-debian-gcc 0.5.1 20.22 103.74 123.96 OK
r-devel-linux-x86_64-fedora-clang 0.5.1 204.52 OK
r-devel-linux-x86_64-fedora-gcc 0.5.1 189.37 OK
r-devel-windows-x86_64 0.5.1 36.00 132.00 168.00 OK
r-devel-windows-x86_64-gcc10-UCRT 0.5.1 OK
r-patched-linux-x86_64 0.5.1 28.24 127.75 155.99 OK
r-patched-solaris-x86 0.5.1 275.90 OK
r-release-linux-x86_64 0.5.1 23.67 128.56 152.23 OK
r-release-macos-arm64 0.5.1 OK
r-release-macos-x86_64 0.5.1 NOTE
r-release-windows-ix86+x86_64 0.5.1 34.00 145.00 179.00 OK
r-oldrel-macos-x86_64 0.5.1 NOTE
r-oldrel-windows-ix86+x86_64 0.5.1 31.00 152.00 183.00 OK

Check Details

Version: 0.5.1
Check: package dependencies
Result: NOTE
    Package suggested but not available for checking: ‘ggtree’
Flavors: r-release-macos-x86_64, r-oldrel-macos-x86_64