CRAN Package Check Results for Package microhaplot

Last updated on 2021-10-26 00:59:57 CEST.

Flavor Version Tinstall Tcheck Ttotal Status Flags
r-devel-linux-x86_64-debian-clang 1.0.1 2.58 31.94 34.52 NOTE
r-devel-linux-x86_64-debian-gcc 1.0.1 2.18 24.41 26.59 NOTE
r-devel-linux-x86_64-fedora-clang 1.0.1 53.21 NOTE
r-devel-linux-x86_64-fedora-gcc 1.0.1 41.97 NOTE
r-devel-windows-x86_64 1.0.1 6.00 50.00 56.00 NOTE
r-devel-windows-x86_64-gcc10-UCRT 1.0.1 NOTE
r-patched-linux-x86_64 1.0.1 2.63 31.90 34.53 NOTE
r-patched-solaris-x86 1.0.1 53.70 NOTE
r-release-linux-x86_64 1.0.1 2.72 31.93 34.65 NOTE
r-release-macos-arm64 1.0.1 NOTE
r-release-macos-x86_64 1.0.1 NOTE
r-release-windows-ix86+x86_64 1.0.1 5.00 50.00 55.00 NOTE
r-oldrel-macos-x86_64 1.0.1 NOTE
r-oldrel-windows-ix86+x86_64 1.0.1 8.00 47.00 55.00 OK

Check Details

Version: 1.0.1
Check: LazyData
Result: NOTE
     'LazyData' is specified without a 'data' directory
Flavors: r-devel-linux-x86_64-debian-clang, r-devel-linux-x86_64-debian-gcc, r-devel-linux-x86_64-fedora-clang, r-devel-linux-x86_64-fedora-gcc, r-devel-windows-x86_64, r-devel-windows-x86_64-gcc10-UCRT, r-patched-linux-x86_64, r-patched-solaris-x86, r-release-linux-x86_64, r-release-macos-arm64, r-release-macos-x86_64, r-release-windows-ix86+x86_64

Version: 1.0.1
Check: dependencies in R code
Result: NOTE
    Namespaces in Imports field not imported from:
     ‘DT’ ‘ggiraph’ ‘ggplot2’ ‘grid’ ‘gtools’ ‘scales’ ‘shinyBS’
     ‘shinyWidgets’ ‘tidyr’
     All declared Imports should be used.
Flavors: r-devel-linux-x86_64-fedora-clang, r-devel-linux-x86_64-fedora-gcc, r-devel-windows-x86_64-gcc10-UCRT, r-patched-solaris-x86, r-release-macos-arm64, r-release-macos-x86_64, r-oldrel-macos-x86_64