CRAN Package Check Results for Package microservices

Last updated on 2021-10-23 00:49:00 CEST.

Flavor Version Tinstall Tcheck Ttotal Status Flags
r-devel-linux-x86_64-debian-clang 0.1.2 2.18 26.61 28.79 OK
r-devel-linux-x86_64-debian-gcc 0.1.2 1.82 21.03 22.85 OK
r-devel-linux-x86_64-fedora-clang 0.1.2 47.35 NOTE
r-devel-linux-x86_64-fedora-gcc 0.1.2 34.62 NOTE
r-devel-windows-x86_64 0.1.2 5.00 46.00 51.00 OK
r-devel-windows-x86_64-gcc10-UCRT 0.1.2 NOTE
r-patched-linux-x86_64 0.1.2 2.42 26.18 28.60 OK
r-patched-solaris-x86 0.1.2 54.30 NOTE
r-release-linux-x86_64 0.1.2 2.35 26.17 28.52 OK
r-release-macos-arm64 0.1.2 NOTE
r-release-macos-x86_64 0.1.2 NOTE
r-release-windows-ix86+x86_64 0.1.2 4.00 38.00 42.00 OK
r-oldrel-macos-x86_64 0.1.2 NOTE
r-oldrel-windows-ix86+x86_64 0.1.2 6.00 45.00 51.00 OK

Check Details

Version: 0.1.2
Check: dependencies in R code
Result: NOTE
    Namespaces in Imports field not imported from:
     ‘config’ ‘desc’ ‘dplyr’ ‘glue’ ‘withr’
     All declared Imports should be used.
Flavors: r-devel-linux-x86_64-fedora-clang, r-devel-linux-x86_64-fedora-gcc, r-devel-windows-x86_64-gcc10-UCRT, r-patched-solaris-x86, r-release-macos-arm64, r-release-macos-x86_64, r-oldrel-macos-x86_64