Last updated on 2025-01-21 00:48:33 CET.
Flavor | Version | Tinstall | Tcheck | Ttotal | Status | Flags |
---|---|---|---|---|---|---|
r-devel-linux-x86_64-debian-clang | 0.3.1 | 65.29 | 107.48 | 172.77 | NOTE | |
r-devel-linux-x86_64-debian-gcc | 0.3.1 | 42.83 | 83.14 | 125.97 | NOTE | |
r-devel-linux-x86_64-fedora-clang | 0.3.1 | 321.32 | NOTE | |||
r-devel-linux-x86_64-fedora-gcc | 0.3.1 | 332.60 | NOTE | |||
r-devel-windows-x86_64 | 0.3.1 | 71.00 | 151.00 | 222.00 | NOTE | |
r-patched-linux-x86_64 | 0.3.1 | 63.44 | 104.53 | 167.97 | NOTE | |
r-release-linux-x86_64 | 0.3.1 | 64.35 | 102.91 | 167.26 | NOTE | |
r-release-macos-arm64 | 0.3.1 | 90.00 | NOTE | |||
r-release-macos-x86_64 | 0.3.1 | 123.00 | NOTE | |||
r-release-windows-x86_64 | 0.3.1 | 69.00 | 157.00 | 226.00 | NOTE | |
r-oldrel-macos-arm64 | 0.3.1 | 106.00 | NOTE | |||
r-oldrel-macos-x86_64 | 0.3.1 | 180.00 | NOTE | |||
r-oldrel-windows-x86_64 | 0.3.1 | 81.00 | 178.00 | 259.00 | NOTE |
Version: 0.3.1
Check: C++ specification
Result: NOTE
Specified C++11: please drop specification unless essential
Flavors: r-devel-linux-x86_64-debian-clang, r-devel-linux-x86_64-debian-gcc, r-devel-linux-x86_64-fedora-clang, r-devel-linux-x86_64-fedora-gcc, r-devel-windows-x86_64, r-patched-linux-x86_64, r-release-linux-x86_64, r-release-macos-arm64, r-release-macos-x86_64, r-release-windows-x86_64, r-oldrel-macos-arm64, r-oldrel-macos-x86_64, r-oldrel-windows-x86_64
Version: 0.3.1
Check: Rd files
Result: NOTE
checkRd: (-1) milr.Rd:45: Lost braces in \itemize; \value handles \item{}{} directly
checkRd: (-1) milr.Rd:46-47: Lost braces in \itemize; \value handles \item{}{} directly
checkRd: (-1) milr.Rd:48: Lost braces in \itemize; \value handles \item{}{} directly
checkRd: (-1) milr.Rd:49: Lost braces in \itemize; \value handles \item{}{} directly
checkRd: (-1) milr.Rd:50: Lost braces in \itemize; \value handles \item{}{} directly
checkRd: (-1) milr.Rd:51-52: Lost braces in \itemize; \value handles \item{}{} directly
Flavors: r-devel-linux-x86_64-debian-clang, r-devel-linux-x86_64-debian-gcc, r-devel-linux-x86_64-fedora-clang, r-devel-linux-x86_64-fedora-gcc, r-devel-windows-x86_64, r-patched-linux-x86_64, r-release-linux-x86_64, r-release-macos-arm64, r-release-macos-x86_64, r-release-windows-x86_64
Version: 0.3.1
Check: LazyData
Result: NOTE
'LazyData' is specified without a 'data' directory
Flavors: r-patched-linux-x86_64, r-release-linux-x86_64, r-release-macos-arm64, r-release-macos-x86_64, r-release-windows-x86_64, r-oldrel-macos-arm64, r-oldrel-macos-x86_64, r-oldrel-windows-x86_64