CRAN Package Check Results for Package mineCitrus

Last updated on 2021-10-28 00:48:51 CEST.

Flavor Version Tinstall Tcheck Ttotal Status Flags
r-devel-linux-x86_64-debian-clang 1.0.0 6.97 56.24 63.21 OK
r-devel-linux-x86_64-debian-gcc 1.0.0 5.89 42.15 48.04 OK
r-devel-linux-x86_64-fedora-clang 1.0.0 85.27 OK
r-devel-linux-x86_64-fedora-gcc 1.0.0 73.82 OK
r-devel-windows-x86_64 1.0.0 12.00 55.00 67.00 OK
r-devel-windows-x86_64-gcc10-UCRT 1.0.0 OK
r-patched-linux-x86_64 1.0.0 6.07 51.91 57.98 OK
r-patched-solaris-x86 1.0.0 107.00 OK
r-release-linux-x86_64 1.0.0 6.74 52.41 59.15 OK
r-release-macos-arm64 1.0.0 NOTE
r-release-macos-x86_64 1.0.0 OK
r-release-windows-ix86+x86_64 1.0.0 12.00 78.00 90.00 OK
r-oldrel-macos-x86_64 1.0.0 OK
r-oldrel-windows-ix86+x86_64 1.0.0 14.00 74.00 88.00 OK

Check Details

Version: 1.0.0
Check: installed package size
Result: NOTE
     installed size is 5.1Mb
     sub-directories of 1Mb or more:
     data 5.0Mb
Flavor: r-release-macos-arm64