CRAN Package Check Results for Package minidown

Last updated on 2021-10-23 00:49:00 CEST.

Flavor Version Tinstall Tcheck Ttotal Status Flags
r-devel-linux-x86_64-debian-clang 0.2.0 2.48 33.19 35.67 OK
r-devel-linux-x86_64-debian-gcc 0.2.0 1.78 26.76 28.54 OK
r-devel-linux-x86_64-fedora-clang 0.2.0 57.88 NOTE
r-devel-linux-x86_64-fedora-gcc 0.2.0 45.34 NOTE
r-devel-windows-x86_64 0.2.0 5.00 47.00 52.00 OK
r-devel-windows-x86_64-gcc10-UCRT 0.2.0 NOTE
r-patched-linux-x86_64 0.2.0 2.30 32.02 34.32 OK
r-patched-solaris-x86 0.2.0 52.90 NOTE
r-release-linux-x86_64 0.2.0 2.33 31.98 34.31 OK
r-release-macos-arm64 0.2.0 NOTE
r-release-macos-x86_64 0.2.0 NOTE
r-release-windows-ix86+x86_64 0.2.0 4.00 44.00 48.00 OK
r-oldrel-macos-x86_64 0.2.0 NOTE
r-oldrel-windows-ix86+x86_64 0.2.0 6.00 46.00 52.00 OK

Check Details

Version: 0.2.0
Check: dependencies in R code
Result: NOTE
    Namespace in Imports field not imported from: ‘mime’
     All declared Imports should be used.
Flavors: r-devel-linux-x86_64-fedora-clang, r-devel-linux-x86_64-fedora-gcc, r-devel-windows-x86_64-gcc10-UCRT, r-patched-solaris-x86, r-release-macos-arm64, r-release-macos-x86_64, r-oldrel-macos-x86_64