CRAN Package Check Results for Package mirt

Last updated on 2021-10-19 00:49:23 CEST.

Flavor Version Tinstall Tcheck Ttotal Status Flags
r-devel-linux-x86_64-debian-clang 1.34 137.73 216.03 353.76 OK
r-devel-linux-x86_64-debian-gcc 1.34 104.15 159.48 263.63 OK
r-devel-linux-x86_64-fedora-clang 1.34 483.29 NOTE
r-devel-linux-x86_64-fedora-gcc 1.34 454.02 OK
r-devel-windows-x86_64 1.34 177.00 267.00 444.00 OK
r-devel-windows-x86_64-gcc10-UCRT 1.34 OK
r-patched-linux-x86_64 1.34 126.27 211.67 337.94 OK
r-patched-solaris-x86 1.34 471.30 OK
r-release-linux-x86_64 1.34 118.44 210.00 328.44 OK
r-release-macos-arm64 1.34 NOTE
r-release-macos-x86_64 1.34 NOTE
r-release-windows-ix86+x86_64 1.34 214.00 319.00 533.00 NOTE
r-oldrel-macos-x86_64 1.34 NOTE
r-oldrel-windows-ix86+x86_64 1.34 306.00 332.00 638.00 NOTE

Check Details

Version: 1.34
Check: installed package size
Result: NOTE
     installed size is 8.3Mb
     sub-directories of 1Mb or more:
     R 1.4Mb
     libs 6.2Mb
Flavors: r-devel-linux-x86_64-fedora-clang, r-release-macos-arm64, r-release-macos-x86_64, r-release-windows-ix86+x86_64, r-oldrel-macos-x86_64, r-oldrel-windows-ix86+x86_64