CRAN Package Check Results for Package misreport

Last updated on 2021-10-28 00:48:51 CEST.

Flavor Version Tinstall Tcheck Ttotal Status Flags
r-devel-linux-x86_64-debian-clang 0.1.1 4.90 31.35 36.25 OK --no-vignettes
r-devel-linux-x86_64-debian-gcc 0.1.1 3.05 24.20 27.25 OK --no-vignettes
r-devel-linux-x86_64-fedora-clang 0.1.1 1009.02 NOTE
r-devel-linux-x86_64-fedora-gcc 0.1.1 988.22 OK
r-devel-windows-x86_64 0.1.1 6.00 34.00 40.00 OK --no-vignettes
r-devel-windows-x86_64-gcc10-UCRT 0.1.1 OK
r-patched-linux-x86_64 0.1.1 4.35 30.35 34.70 OK --no-vignettes
r-patched-solaris-x86 0.1.1 1403.60 OK
r-release-linux-x86_64 0.1.1 3.87 30.22 34.09 OK --no-vignettes
r-release-macos-arm64 0.1.1 OK
r-release-macos-x86_64 0.1.1 OK
r-release-windows-ix86+x86_64 0.1.1 7.00 44.00 51.00 OK --no-vignettes
r-oldrel-macos-x86_64 0.1.1 OK
r-oldrel-windows-ix86+x86_64 0.1.1 7.00 57.00 64.00 OK --no-vignettes

Check Details

Version: 0.1.1
Check: Rd cross-references
Result: NOTE
    Undeclared package ‘list’ in Rd xrefs
Flavor: r-devel-linux-x86_64-fedora-clang