CRAN Package Check Results for Package missMethods

Last updated on 2021-10-26 00:59:57 CEST.

Flavor Version Tinstall Tcheck Ttotal Status Flags
r-devel-linux-x86_64-debian-clang 0.2.0 4.28 53.45 57.73 NOTE
r-devel-linux-x86_64-debian-gcc 0.2.0 3.33 40.06 43.39 NOTE
r-devel-linux-x86_64-fedora-clang 0.2.0 79.19 NOTE
r-devel-linux-x86_64-fedora-gcc 0.2.0 68.20 NOTE
r-devel-windows-x86_64 0.2.0 7.00 75.00 82.00 NOTE
r-devel-windows-x86_64-gcc10-UCRT 0.2.0 NOTE
r-patched-linux-x86_64 0.2.0 4.41 51.03 55.44 NOTE
r-patched-solaris-x86 0.2.0 86.20 NOTE
r-release-linux-x86_64 0.2.0 3.50 50.42 53.92 NOTE
r-release-macos-arm64 0.2.0 NOTE
r-release-macos-x86_64 0.2.0 NOTE
r-release-windows-ix86+x86_64 0.2.0 5.00 72.00 77.00 NOTE
r-oldrel-macos-x86_64 0.2.0 OK
r-oldrel-windows-ix86+x86_64 0.2.0 8.00 76.00 84.00 OK

Check Details

Version: 0.2.0
Check: LazyData
Result: NOTE
     'LazyData' is specified without a 'data' directory
Flavors: r-devel-linux-x86_64-debian-clang, r-devel-linux-x86_64-debian-gcc, r-devel-linux-x86_64-fedora-clang, r-devel-linux-x86_64-fedora-gcc, r-devel-windows-x86_64, r-devel-windows-x86_64-gcc10-UCRT, r-patched-linux-x86_64, r-patched-solaris-x86, r-release-linux-x86_64, r-release-macos-arm64, r-release-macos-x86_64, r-release-windows-ix86+x86_64