CRAN Package Check Results for Package missSBM

Last updated on 2021-10-18 00:48:20 CEST.

Flavor Version Tinstall Tcheck Ttotal Status Flags
r-devel-linux-x86_64-debian-clang 1.0.1 116.13 335.10 451.23 OK
r-devel-linux-x86_64-debian-gcc 1.0.1 87.45 252.54 339.99 OK
r-devel-linux-x86_64-fedora-clang 1.0.1 599.96 NOTE
r-devel-linux-x86_64-fedora-gcc 1.0.1 569.98 OK
r-devel-windows-x86_64 1.0.1 157.00 467.00 624.00 OK
r-devel-windows-x86_64-gcc10-UCRT 1.0.1 OK
r-patched-linux-x86_64 1.0.1 107.53 326.02 433.55 OK
r-patched-solaris-x86 1.0.1 954.90 OK
r-release-linux-x86_64 1.0.1 102.74 331.54 434.28 OK
r-release-macos-arm64 1.0.1 NOTE
r-release-macos-x86_64 1.0.1 NOTE
r-release-windows-ix86+x86_64 1.0.1 239.00 743.00 982.00 OK
r-oldrel-macos-x86_64 1.0.1 NOTE
r-oldrel-windows-ix86+x86_64 1.0.1 265.00 803.00 1068.00 OK

Check Details

Version: 1.0.1
Check: installed package size
Result: NOTE
     installed size is 6.5Mb
     sub-directories of 1Mb or more:
     libs 4.5Mb
Flavors: r-devel-linux-x86_64-fedora-clang, r-release-macos-arm64, r-release-macos-x86_64, r-oldrel-macos-x86_64