Last updated on 2025-01-21 00:48:33 CET.
Flavor | Version | Tinstall | Tcheck | Ttotal | Status | Flags |
---|---|---|---|---|---|---|
r-devel-linux-x86_64-debian-clang | 1.2.0 | 21.42 | 42.33 | 63.75 | NOTE | |
r-devel-linux-x86_64-debian-gcc | 1.2.0 | 13.39 | 33.26 | 46.65 | NOTE | |
r-devel-linux-x86_64-fedora-clang | 1.2.0 | 119.96 | OK | |||
r-devel-linux-x86_64-fedora-gcc | 1.2.0 | 126.28 | OK | |||
r-devel-windows-x86_64 | 1.2.0 | 23.00 | 81.00 | 104.00 | NOTE | |
r-patched-linux-x86_64 | 1.2.0 | 23.02 | 41.24 | 64.26 | OK | |
r-release-linux-x86_64 | 1.2.0 | 20.74 | 41.98 | 62.72 | OK | |
r-release-macos-arm64 | 1.2.0 | 38.00 | NOTE | |||
r-release-macos-x86_64 | 1.2.0 | 59.00 | NOTE | |||
r-release-windows-x86_64 | 1.2.0 | 26.00 | 93.00 | 119.00 | OK | |
r-oldrel-macos-arm64 | 1.2.0 | 39.00 | NOTE | |||
r-oldrel-macos-x86_64 | 1.2.0 | 62.00 | NOTE | |||
r-oldrel-windows-x86_64 | 1.2.0 | 28.00 | 95.00 | 123.00 | OK |
Version: 1.2.0
Check: Rd cross-references
Result: NOTE
Found the following Rd file(s) with Rd \link{} targets missing package
anchors:
cv.missoNet.Rd: glasso
missoNet.Rd: glasso
Please provide package anchors for all Rd \link{} targets not in the
package itself and the base packages.
Flavors: r-devel-linux-x86_64-debian-clang, r-devel-linux-x86_64-debian-gcc, r-devel-windows-x86_64
Version: 1.2.0
Check: installed package size
Result: NOTE
installed size is 5.4Mb
sub-directories of 1Mb or more:
doc 2.4Mb
extdata 1.2Mb
libs 1.6Mb
Flavors: r-release-macos-arm64, r-release-macos-x86_64, r-oldrel-macos-arm64, r-oldrel-macos-x86_64