CRAN Package Check Results for Package mistat

Last updated on 2024-04-18 01:03:02 CEST.

Flavor Version Tinstall Tcheck Ttotal Status Flags
r-devel-linux-x86_64-debian-clang 2.0.4 4.16 73.28 77.44 NOTE
r-devel-linux-x86_64-debian-gcc 2.0.4 3.21 54.40 57.61 NOTE
r-devel-linux-x86_64-fedora-clang 2.0.4 95.04 NOTE
r-devel-linux-x86_64-fedora-gcc 2.0.4 91.48 NOTE
r-prerel-macos-arm64 2.0.4 33.00 NOTE
r-prerel-windows-x86_64 2.0.4 6.00 101.00 107.00 NOTE
r-patched-linux-x86_64 2.0.4 5.43 68.47 73.90 NOTE
r-release-linux-x86_64 2.0.4 5.02 71.24 76.26 OK
r-release-macos-arm64 2.0.4 35.00 OK
r-release-macos-x86_64 2.0.4 53.00 OK
r-release-windows-x86_64 2.0.4 5.00 113.00 118.00 OK
r-oldrel-macos-arm64 2.0.4 41.00 OK
r-oldrel-windows-x86_64 2.0.4 9.00 114.00 123.00 OK

Check Details

Version: 2.0.4
Check: Rd contents
Result: NOTE Argument items with no description in Rd file 'randomizationTest.Rd': ‘R’ Flavors: r-devel-linux-x86_64-debian-clang, r-devel-linux-x86_64-debian-gcc, r-devel-linux-x86_64-fedora-clang, r-devel-linux-x86_64-fedora-gcc, r-prerel-macos-arm64, r-prerel-windows-x86_64, r-patched-linux-x86_64