CRAN Package Check Results for Package mixlink

Last updated on 2021-10-28 00:48:51 CEST.

Flavor Version Tinstall Tcheck Ttotal Status Flags
r-devel-linux-x86_64-debian-clang 0.1.5 60.54 36.18 96.72 WARN
r-devel-linux-x86_64-debian-gcc 0.1.5 45.40 28.63 74.03 WARN
r-devel-linux-x86_64-fedora-clang 0.1.5 165.65 WARN
r-devel-linux-x86_64-fedora-gcc 0.1.5 132.38 WARN
r-devel-windows-x86_64 0.1.5 83.00 53.00 136.00 OK
r-devel-windows-x86_64-gcc10-UCRT 0.1.5 OK
r-patched-linux-x86_64 0.1.5 53.63 34.99 88.62 WARN
r-patched-solaris-x86 0.1.5 138.10 OK
r-release-linux-x86_64 0.1.5 51.89 34.96 86.85 WARN
r-release-macos-arm64 0.1.5 OK
r-release-macos-x86_64 0.1.5 OK
r-release-windows-ix86+x86_64 0.1.5 118.00 77.00 195.00 OK
r-oldrel-macos-x86_64 0.1.5 OK
r-oldrel-windows-ix86+x86_64 0.1.5 122.00 77.00 199.00 OK

Check Details

Version: 0.1.5
Check: top-level files
Result: WARN
     Output from running autoreconf:
     configure.ac:26: warning: AC_OUTPUT should be used without arguments.
     configure.ac:26: You should run autoupdate.
Flavors: r-devel-linux-x86_64-debian-clang, r-devel-linux-x86_64-debian-gcc, r-patched-linux-x86_64, r-release-linux-x86_64

Version: 0.1.5
Check: top-level files
Result: WARN
     Output from running autoreconf:
     configure.ac:26: warning: AC_OUTPUT should be used without arguments.
     configure.ac:26: You should run autoupdate.
     configure.ac:26: warning: AC_OUTPUT should be used without arguments.
     configure.ac:26: You should run autoupdate.
Flavors: r-devel-linux-x86_64-fedora-clang, r-devel-linux-x86_64-fedora-gcc