CRAN Package Check Results for Package mixpoissonreg

Last updated on 2021-10-24 00:51:04 CEST.

Flavor Version Tinstall Tcheck Ttotal Status Flags
r-devel-linux-x86_64-debian-clang 1.0.0 15.57 378.52 394.09 OK
r-devel-linux-x86_64-debian-gcc 1.0.0 11.15 269.16 280.31 OK
r-devel-linux-x86_64-fedora-clang 1.0.0 472.19 OK
r-devel-linux-x86_64-fedora-gcc 1.0.0 453.23 OK
r-devel-windows-x86_64 1.0.0 25.00 483.00 508.00 OK
r-devel-windows-x86_64-gcc10-UCRT 1.0.0 OK
r-patched-linux-x86_64 1.0.0 15.55 378.51 394.06 OK
r-patched-solaris-x86 1.0.0 490.30 NOTE
r-release-linux-x86_64 1.0.0 13.25 379.61 392.86 OK
r-release-macos-arm64 1.0.0 OK
r-release-macos-x86_64 1.0.0 OK
r-release-windows-ix86+x86_64 1.0.0 23.00 518.00 541.00 OK
r-oldrel-macos-x86_64 1.0.0 OK
r-oldrel-windows-ix86+x86_64 1.0.0 33.00 549.00 582.00 OK

Check Details

Version: 1.0.0
Check: installed package size
Result: NOTE
     installed size is 5.3Mb
     sub-directories of 1Mb or more:
     doc 4.8Mb
Flavor: r-patched-solaris-x86