CRAN Package Check Results for Package mlbplotR

Last updated on 2024-06-13 00:55:23 CEST.

Flavor Version Tinstall Tcheck Ttotal Status Flags
r-devel-linux-x86_64-debian-clang 1.1.0 11.00 58.13 69.13 NOTE
r-devel-linux-x86_64-debian-gcc 1.1.0 0.69 1.75 2.44 ERROR
r-devel-linux-x86_64-fedora-clang 1.1.0 88.27 NOTE
r-devel-linux-x86_64-fedora-gcc 1.1.0 80.01 NOTE
r-devel-windows-x86_64 1.1.0 9.00 66.00 75.00 NOTE
r-patched-linux-x86_64 1.1.0 15.91 58.20 74.11 NOTE
r-release-linux-x86_64 1.1.0 6.26 57.99 64.25 NOTE
r-release-macos-arm64 1.1.0 33.00 NOTE
r-release-macos-x86_64 1.1.0 60.00 NOTE
r-release-windows-x86_64 1.1.0 11.00 67.00 78.00 NOTE
r-oldrel-macos-arm64 1.1.0 27.00 OK
r-oldrel-macos-x86_64 1.1.0 71.00 NOTE
r-oldrel-windows-x86_64 1.1.0 11.00 79.00 90.00 OK

Check Details

Version: 1.1.0
Check: Rd files
Result: NOTE checkRd: (-1) geom_cap_logos.Rd:103: Lost braces in \itemize; meant \describe ? checkRd: (-1) geom_cap_logos.Rd:104: Lost braces in \itemize; meant \describe ? checkRd: (-1) geom_cap_logos.Rd:105: Lost braces in \itemize; meant \describe ? checkRd: (-1) geom_cap_logos.Rd:106: Lost braces in \itemize; meant \describe ? checkRd: (-1) geom_cap_logos.Rd:107: Lost braces in \itemize; meant \describe ? checkRd: (-1) geom_cap_logos.Rd:108: Lost braces in \itemize; meant \describe ? checkRd: (-1) geom_cap_logos.Rd:109: Lost braces in \itemize; meant \describe ? checkRd: (-1) geom_cap_logos.Rd:110: Lost braces in \itemize; meant \describe ? checkRd: (-1) geom_cap_logos.Rd:111-115: Lost braces in \itemize; meant \describe ? checkRd: (-1) geom_cap_logos.Rd:116-120: Lost braces in \itemize; meant \describe ? checkRd: (-1) geom_from_path.Rd:85: Lost braces in \itemize; meant \describe ? checkRd: (-1) geom_from_path.Rd:86: Lost braces in \itemize; meant \describe ? checkRd: (-1) geom_from_path.Rd:87: Lost braces in \itemize; meant \describe ? checkRd: (-1) geom_from_path.Rd:88: Lost braces in \itemize; meant \describe ? checkRd: (-1) geom_from_path.Rd:89: Lost braces in \itemize; meant \describe ? checkRd: (-1) geom_from_path.Rd:90: Lost braces in \itemize; meant \describe ? checkRd: (-1) geom_from_path.Rd:91: Lost braces in \itemize; meant \describe ? checkRd: (-1) geom_from_path.Rd:92: Lost braces in \itemize; meant \describe ? checkRd: (-1) geom_from_path.Rd:93-96: Lost braces in \itemize; meant \describe ? checkRd: (-1) geom_from_path.Rd:97-100: Lost braces in \itemize; meant \describe ? checkRd: (-1) geom_lines.Rd:77: Lost braces in \itemize; meant \describe ? checkRd: (-1) geom_lines.Rd:78: Lost braces in \itemize; meant \describe ? checkRd: (-1) geom_lines.Rd:79: Lost braces in \itemize; meant \describe ? checkRd: (-1) geom_lines.Rd:80: Lost braces in \itemize; meant \describe ? checkRd: (-1) geom_lines.Rd:81: Lost braces in \itemize; meant \describe ? checkRd: (-1) geom_lines.Rd:82: Lost braces in \itemize; meant \describe ? checkRd: (-1) geom_mlb_headshots.Rd:86: Lost braces in \itemize; meant \describe ? checkRd: (-1) geom_mlb_headshots.Rd:87: Lost braces in \itemize; meant \describe ? checkRd: (-1) geom_mlb_headshots.Rd:88: Lost braces in \itemize; meant \describe ? checkRd: (-1) geom_mlb_headshots.Rd:89-90: Lost braces in \itemize; meant \describe ? checkRd: (-1) geom_mlb_headshots.Rd:91: Lost braces in \itemize; meant \describe ? checkRd: (-1) geom_mlb_headshots.Rd:92: Lost braces in \itemize; meant \describe ? checkRd: (-1) geom_mlb_headshots.Rd:93: Lost braces in \itemize; meant \describe ? checkRd: (-1) geom_mlb_headshots.Rd:94: Lost braces in \itemize; meant \describe ? checkRd: (-1) geom_mlb_headshots.Rd:95: Lost braces in \itemize; meant \describe ? checkRd: (-1) geom_mlb_headshots.Rd:96-99: Lost braces in \itemize; meant \describe ? checkRd: (-1) geom_mlb_headshots.Rd:100-103: Lost braces in \itemize; meant \describe ? checkRd: (-1) geom_mlb_logos.Rd:115: Lost braces in \itemize; meant \describe ? checkRd: (-1) geom_mlb_logos.Rd:116: Lost braces in \itemize; meant \describe ? checkRd: (-1) geom_mlb_logos.Rd:117: Lost braces in \itemize; meant \describe ? checkRd: (-1) geom_mlb_logos.Rd:118: Lost braces in \itemize; meant \describe ? checkRd: (-1) geom_mlb_logos.Rd:119: Lost braces in \itemize; meant \describe ? checkRd: (-1) geom_mlb_logos.Rd:120: Lost braces in \itemize; meant \describe ? checkRd: (-1) geom_mlb_logos.Rd:121: Lost braces in \itemize; meant \describe ? checkRd: (-1) geom_mlb_logos.Rd:122: Lost braces in \itemize; meant \describe ? checkRd: (-1) geom_mlb_logos.Rd:123-126: Lost braces in \itemize; meant \describe ? checkRd: (-1) geom_mlb_logos.Rd:127-130: Lost braces in \itemize; meant \describe ? Flavors: r-devel-linux-x86_64-debian-clang, r-devel-linux-x86_64-fedora-clang, r-devel-linux-x86_64-fedora-gcc, r-devel-windows-x86_64, r-patched-linux-x86_64, r-release-linux-x86_64, r-release-macos-arm64, r-release-macos-x86_64, r-release-windows-x86_64

Version: 1.1.0
Check: package dependencies
Result: ERROR Packages required but not available: 'ggplot2', 'gt', 'magick' Packages suggested but not available for checking: 'dplyr', 'ggtext', 'gridtext', 'sjmisc' See section ‘The DESCRIPTION file’ in the ‘Writing R Extensions’ manual. Flavor: r-devel-linux-x86_64-debian-gcc

Version: 1.1.0
Check: installed package size
Result: NOTE installed size is 5.2Mb sub-directories of 1Mb or more: R 2.8Mb help 2.4Mb Flavors: r-release-macos-x86_64, r-oldrel-macos-x86_64