CRAN Package Check Results for Package mlbstatsR

Last updated on 2021-10-25 00:49:17 CEST.

Flavor Version Tinstall Tcheck Ttotal Status Flags
r-devel-linux-x86_64-debian-clang 0.1.0.3 6.74 78.00 84.74 OK
r-devel-linux-x86_64-debian-gcc 0.1.0.3 6.13 58.15 64.28 OK
r-devel-linux-x86_64-fedora-clang 0.1.0.3 108.07 NOTE
r-devel-linux-x86_64-fedora-gcc 0.1.0.3 98.06 NOTE
r-devel-windows-x86_64 0.1.0.3 13.00 111.00 124.00 OK
r-devel-windows-x86_64-gcc10-UCRT 0.1.0.3 NOTE
r-patched-linux-x86_64 0.1.0.3 7.62 72.90 80.52 OK
r-patched-solaris-x86 0.1.0.3 128.90 WARN
r-release-linux-x86_64 0.1.0.3 5.31 74.77 80.08 OK
r-release-macos-arm64 0.1.0.3 NOTE
r-release-macos-x86_64 0.1.0.3 NOTE
r-release-windows-ix86+x86_64 0.1.0.3 12.00 93.00 105.00 OK
r-oldrel-macos-x86_64 0.1.0.3 NOTE
r-oldrel-windows-ix86+x86_64 0.1.0.3 18.00 117.00 135.00 OK

Check Details

Version: 0.1.0.3
Check: dependencies in R code
Result: NOTE
    Namespace in Imports field not imported from: ‘tibble’
     All declared Imports should be used.
Flavors: r-devel-linux-x86_64-fedora-clang, r-devel-linux-x86_64-fedora-gcc, r-devel-windows-x86_64-gcc10-UCRT, r-patched-solaris-x86, r-release-macos-arm64, r-release-macos-x86_64, r-oldrel-macos-x86_64

Version: 0.1.0.3
Check: re-building of vignette outputs
Result: WARN
    Error(s) in re-building vignettes:
     ...
    --- re-building ‘mlbstatsR.Rmd’ using rmarkdown
    Pandoc is required to build R Markdown vignettes but not available. Please make sure it is installed.
    Quitting from lines 62-64 (mlbstatsR.Rmd)
    Error: processing vignette 'mlbstatsR.Rmd' failed with diagnostics:
    Timeout was reached: [www.baseball-reference.com] Resolving timed out after 10000 milliseconds
    --- failed re-building ‘mlbstatsR.Rmd’
    
    SUMMARY: processing the following file failed:
     ‘mlbstatsR.Rmd’
    
    Error: Vignette re-building failed.
    Execution halted
Flavor: r-patched-solaris-x86