CRAN Package Check Results for Package mlr

Last updated on 2021-09-22 00:48:41 CEST.

Flavor Version Tinstall Tcheck Ttotal Status Flags
r-devel-linux-x86_64-debian-clang 2.19.0 35.99 265.00 300.99 NOTE
r-devel-linux-x86_64-debian-gcc 2.19.0 33.48 198.75 232.23 NOTE
r-devel-linux-x86_64-fedora-clang 2.19.0 382.75 NOTE
r-devel-linux-x86_64-fedora-gcc 2.19.0 367.19 NOTE
r-devel-windows-x86_64 2.19.0 45.00 241.00 286.00 OK
r-devel-windows-x86_64-gcc10-UCRT 2.19.0 ERROR
r-patched-linux-x86_64 2.19.0 52.08 255.10 307.18 NOTE
r-patched-solaris-x86 2.19.0 407.80 NOTE
r-release-linux-x86_64 2.19.0 32.33 253.19 285.52 NOTE
r-release-macos-arm64 2.19.0 NOTE
r-release-macos-x86_64 2.19.0 NOTE
r-release-windows-ix86+x86_64 2.19.0 71.00 308.00 379.00 OK
r-oldrel-macos-x86_64 2.19.0 NOTE
r-oldrel-windows-ix86+x86_64 2.19.0 71.00 303.00 374.00 OK

Check Details

Version: 2.19.0
Check: package dependencies
Result: NOTE
    Package suggested but not available for checking: 'rrlda'
Flavors: r-devel-linux-x86_64-debian-clang, r-devel-linux-x86_64-debian-gcc, r-devel-linux-x86_64-fedora-clang, r-devel-linux-x86_64-fedora-gcc, r-patched-linux-x86_64, r-release-linux-x86_64

Version: 2.19.0
Check: installed package size
Result: NOTE
     installed size is 5.0Mb
     sub-directories of 1Mb or more:
     R 1.5Mb
     data 2.3Mb
Flavors: r-devel-linux-x86_64-fedora-clang, r-patched-solaris-x86, r-release-macos-arm64

Version: 2.19.0
Check: package dependencies
Result: ERROR
    Package required but not available: 'XML'
    
    Packages suggested but not available for checking: 'mldr', 'rrlda'
    
    See section 'The DESCRIPTION file' in the 'Writing R Extensions'
    manual.
Flavor: r-devel-windows-x86_64-gcc10-UCRT

Version: 2.19.0
Check: package dependencies
Result: NOTE
    Packages suggested but not available for checking:
     'FSelector', 'rrlda', 'RWeka'
Flavor: r-patched-solaris-x86

Version: 2.19.0
Check: package dependencies
Result: NOTE
    Package suggested but not available for checking: ‘Rmpi’
Flavors: r-release-macos-arm64, r-release-macos-x86_64, r-oldrel-macos-x86_64