CRAN Package Check Results for Package mlr3shiny

Last updated on 2021-10-24 00:51:04 CEST.

Flavor Version Tinstall Tcheck Ttotal Status Flags
r-devel-linux-x86_64-debian-clang 0.2.0 2.13 21.72 23.85 OK
r-devel-linux-x86_64-debian-gcc 0.2.0 1.86 17.30 19.16 OK
r-devel-linux-x86_64-fedora-clang 0.2.0 40.03 NOTE
r-devel-linux-x86_64-fedora-gcc 0.2.0 29.60 NOTE
r-devel-windows-x86_64 0.2.0 5.00 42.00 47.00 OK
r-devel-windows-x86_64-gcc10-UCRT 0.2.0 NOTE
r-patched-linux-x86_64 0.2.0 2.26 21.47 23.73 OK
r-patched-solaris-x86 0.2.0 46.50 NOTE
r-release-linux-x86_64 0.2.0 2.24 21.60 23.84 OK
r-release-macos-arm64 0.2.0 NOTE
r-release-macos-x86_64 0.2.0 NOTE
r-release-windows-ix86+x86_64 0.2.0 5.00 48.00 53.00 OK
r-oldrel-macos-x86_64 0.2.0 NOTE
r-oldrel-windows-ix86+x86_64 0.2.0 6.00 41.00 47.00 OK

Check Details

Version: 0.2.0
Check: dependencies in R code
Result: NOTE
    Namespaces in Imports field not imported from:
     ‘DT’ ‘data.table’ ‘e1071’ ‘mlr3’ ‘mlr3learners’ ‘mlr3measures’ ‘plyr’
     ‘purrr’ ‘ranger’ ‘readxl’ ‘shinyWidgets’ ‘shinyalert’
     ‘shinydashboard’ ‘shinyjs’ ‘shinythemes’ ‘stats’ ‘stringr’
     All declared Imports should be used.
Flavors: r-devel-linux-x86_64-fedora-clang, r-devel-linux-x86_64-fedora-gcc, r-devel-windows-x86_64-gcc10-UCRT, r-patched-solaris-x86, r-release-macos-arm64, r-release-macos-x86_64, r-oldrel-macos-x86_64