CRAN Package Check Results for Package mmpf

Last updated on 2021-10-24 00:51:04 CEST.

Flavor Version Tinstall Tcheck Ttotal Status Flags
r-devel-linux-x86_64-debian-clang 0.0.5 2.80 36.48 39.28 NOTE
r-devel-linux-x86_64-debian-gcc 0.0.5 2.20 27.91 30.11 NOTE
r-devel-linux-x86_64-fedora-clang 0.0.5 56.91 NOTE
r-devel-linux-x86_64-fedora-gcc 0.0.5 45.82 NOTE
r-devel-windows-x86_64 0.0.5 5.00 56.00 61.00 NOTE
r-devel-windows-x86_64-gcc10-UCRT 0.0.5 NOTE
r-patched-linux-x86_64 0.0.5 2.77 33.14 35.91 NOTE
r-patched-solaris-x86 0.0.5 69.80 NOTE
r-release-linux-x86_64 0.0.5 2.68 33.89 36.57 NOTE
r-release-macos-arm64 0.0.5 NOTE
r-release-macos-x86_64 0.0.5 NOTE
r-release-windows-ix86+x86_64 0.0.5 5.00 62.00 67.00 NOTE
r-oldrel-macos-x86_64 0.0.5 OK
r-oldrel-windows-ix86+x86_64 0.0.5 7.00 77.00 84.00 OK

Check Details

Version: 0.0.5
Check: LazyData
Result: NOTE
     'LazyData' is specified without a 'data' directory
Flavors: r-devel-linux-x86_64-debian-clang, r-devel-linux-x86_64-debian-gcc, r-devel-linux-x86_64-fedora-clang, r-devel-linux-x86_64-fedora-gcc, r-devel-windows-x86_64, r-devel-windows-x86_64-gcc10-UCRT, r-patched-linux-x86_64, r-patched-solaris-x86, r-release-linux-x86_64, r-release-macos-arm64, r-release-macos-x86_64, r-release-windows-ix86+x86_64