Last updated on 2023-04-01 00:53:05 CEST.
Flavor | Version | Tinstall | Tcheck | Ttotal | Status | Flags |
---|---|---|---|---|---|---|
r-devel-linux-x86_64-debian-clang | 0.2.2 | 390.19 | 142.01 | 532.20 | OK | |
r-devel-linux-x86_64-debian-gcc | 0.2.2 | 335.55 | 115.84 | 451.39 | OK | |
r-devel-linux-x86_64-fedora-clang | 0.2.2 | 747.31 | NOTE | |||
r-devel-linux-x86_64-fedora-gcc | 0.2.2 | 826.17 | OK | |||
r-devel-windows-x86_64 | 0.2.2 | 310.00 | 0.00 | 310.00 | NOTE | |
r-patched-linux-x86_64 | 0.2.2 | 351.65 | 147.66 | 499.31 | OK | |
r-release-linux-x86_64 | 0.2.2 | 264.00 | 139.82 | 403.82 | OK | |
r-release-macos-arm64 | 0.2.2 | 186.00 | NOTE | |||
r-release-macos-x86_64 | 0.2.2 | 238.00 | NOTE | |||
r-release-windows-x86_64 | 0.2.2 | 286.00 | 257.00 | 543.00 | NOTE | |
r-oldrel-macos-arm64 | 0.2.2 | 184.00 | NOTE | |||
r-oldrel-macos-x86_64 | 0.2.2 | 242.00 | NOTE | |||
r-oldrel-windows-ix86+x86_64 | 0.2.2 | 858.00 | 288.00 | 1146.00 | NOTE |
Version: 0.2.2
Check: installed package size
Result: NOTE
installed size is 11.4Mb
sub-directories of 1Mb or more:
doc 5.9Mb
libs 4.9Mb
Flavors: r-devel-linux-x86_64-fedora-clang, r-devel-windows-x86_64, r-release-macos-arm64, r-release-macos-x86_64, r-release-windows-x86_64, r-oldrel-macos-arm64, r-oldrel-macos-x86_64, r-oldrel-windows-ix86+x86_64