CRAN Package Check Results for Package mmstat4

Last updated on 2024-06-13 00:55:23 CEST.

Flavor Version Tinstall Tcheck Ttotal Status Flags
r-devel-linux-x86_64-debian-clang 0.2.1 13.07 119.79 132.86 OK
r-devel-linux-x86_64-debian-gcc 0.2.1 0.50 1.88 2.38 ERROR
r-devel-linux-x86_64-fedora-clang 0.2.1 173.95 OK
r-devel-linux-x86_64-fedora-gcc 0.2.1 181.97 OK
r-devel-windows-x86_64 0.2.1 10.00 125.00 135.00 OK
r-patched-linux-x86_64 0.2.1 8.43 120.79 129.22 OK
r-release-linux-x86_64 0.2.1 8.34 118.86 127.20 OK
r-release-macos-arm64 0.2.1 91.00 OK
r-release-macos-x86_64 0.2.1 162.00 OK
r-release-windows-x86_64 0.2.1 11.00 126.00 137.00 OK
r-oldrel-macos-arm64 0.2.1 91.00 OK
r-oldrel-macos-x86_64 0.2.1 179.00 OK
r-oldrel-windows-x86_64 0.2.1 14.00 146.00 160.00 OK

Check Details

Version: 0.2.1
Check: package dependencies
Result: ERROR Package required but not available: ‘rio’ See section ‘The DESCRIPTION file’ in the ‘Writing R Extensions’ manual. Flavor: r-devel-linux-x86_64-debian-gcc