CRAN Package Check Results for Package mockr

Last updated on 2021-10-22 00:50:32 CEST.

Flavor Version Tinstall Tcheck Ttotal Status Flags
r-devel-linux-x86_64-debian-clang 0.1 1.67 21.76 23.43 NOTE
r-devel-linux-x86_64-debian-gcc 0.1 1.46 17.56 19.02 NOTE
r-devel-linux-x86_64-fedora-clang 0.1 39.46 NOTE
r-devel-linux-x86_64-fedora-gcc 0.1 29.35 NOTE
r-devel-windows-x86_64 0.1 4.00 40.00 44.00 NOTE
r-devel-windows-x86_64-gcc10-UCRT 0.1 NOTE
r-patched-linux-x86_64 0.1 1.67 21.29 22.96 NOTE
r-patched-solaris-x86 0.1 48.50 NOTE
r-release-linux-x86_64 0.1 1.64 21.44 23.08 NOTE
r-release-macos-arm64 0.1 NOTE
r-release-macos-x86_64 0.1 NOTE
r-release-windows-ix86+x86_64 0.1 4.00 43.00 47.00 NOTE
r-oldrel-macos-x86_64 0.1 OK
r-oldrel-windows-ix86+x86_64 0.1 5.00 45.00 50.00 OK

Check Details

Version: 0.1
Check: LazyData
Result: NOTE
     'LazyData' is specified without a 'data' directory
Flavors: r-devel-linux-x86_64-debian-clang, r-devel-linux-x86_64-debian-gcc, r-devel-linux-x86_64-fedora-clang, r-devel-linux-x86_64-fedora-gcc, r-devel-windows-x86_64, r-devel-windows-x86_64-gcc10-UCRT, r-patched-linux-x86_64, r-patched-solaris-x86, r-release-linux-x86_64, r-release-macos-arm64, r-release-macos-x86_64, r-release-windows-ix86+x86_64