CRAN Package Check Results for Package modeLLtest

Last updated on 2021-11-28 00:48:53 CET.

Flavor Version Tinstall Tcheck Ttotal Status Flags
r-devel-linux-x86_64-debian-clang 1.0.3 OK
r-devel-linux-x86_64-debian-gcc 1.0.3 65.69 112.98 178.67 OK
r-devel-linux-x86_64-fedora-clang 1.0.3 318.36 NOTE
r-devel-linux-x86_64-fedora-gcc 1.0.3 296.27 NOTE
r-devel-windows-x86_64-new-UL 1.0.3 118.00 218.00 336.00 OK
r-devel-windows-x86_64-new-TK 1.0.3 NOTE
r-devel-windows-x86_64-old 1.0.3 100.00 192.00 292.00 OK
r-patched-linux-x86_64 1.0.3 76.95 141.26 218.21 OK
r-patched-solaris-x86 1.0.3 280.60 NOTE
r-release-linux-x86_64 1.0.3 OK
r-release-macos-arm64 1.0.3 NOTE
r-release-macos-x86_64 1.0.3 NOTE
r-release-windows-ix86+x86_64 1.0.3 222.00 196.00 418.00 OK
r-oldrel-macos-x86_64 1.0.3 NOTE
r-oldrel-windows-ix86+x86_64 1.0.3 158.00 209.00 367.00 OK

Check Details

Version: 1.0.3
Check: data for non-ASCII characters
Result: NOTE
     Note: found 18 marked Latin-1 strings
Flavors: r-devel-linux-x86_64-fedora-clang, r-devel-linux-x86_64-fedora-gcc, r-devel-windows-x86_64-new-TK, r-patched-solaris-x86, r-release-macos-arm64, r-release-macos-x86_64, r-oldrel-macos-x86_64