CRAN Package Check Results for Package modeest

Last updated on 2021-10-23 00:49:00 CEST.

Flavor Version Tinstall Tcheck Ttotal Status Flags
r-devel-linux-x86_64-debian-clang 2.4.0 5.44 52.69 58.13 NOTE
r-devel-linux-x86_64-debian-gcc 2.4.0 4.74 41.07 45.81 NOTE
r-devel-linux-x86_64-fedora-clang 2.4.0 81.66 NOTE
r-devel-linux-x86_64-fedora-gcc 2.4.0 70.03 NOTE
r-devel-windows-x86_64 2.4.0 10.00 75.00 85.00 NOTE
r-devel-windows-x86_64-gcc10-UCRT 2.4.0 NOTE
r-patched-linux-x86_64 2.4.0 7.30 50.96 58.26 NOTE
r-patched-solaris-x86 2.4.0 100.50 NOTE
r-release-linux-x86_64 2.4.0 5.77 51.15 56.92 NOTE
r-release-macos-arm64 2.4.0 NOTE
r-release-macos-x86_64 2.4.0 NOTE
r-release-windows-ix86+x86_64 2.4.0 11.00 79.00 90.00 NOTE
r-oldrel-macos-x86_64 2.4.0 OK
r-oldrel-windows-ix86+x86_64 2.4.0 16.00 79.00 95.00 OK

Check Details

Version: 2.4.0
Check: LazyData
Result: NOTE
     'LazyData' is specified without a 'data' directory
Flavors: r-devel-linux-x86_64-debian-clang, r-devel-linux-x86_64-debian-gcc, r-devel-linux-x86_64-fedora-clang, r-devel-linux-x86_64-fedora-gcc, r-devel-windows-x86_64, r-devel-windows-x86_64-gcc10-UCRT, r-patched-linux-x86_64, r-patched-solaris-x86, r-release-linux-x86_64, r-release-macos-arm64, r-release-macos-x86_64, r-release-windows-ix86+x86_64