CRAN Package Check Results for Package modi

Last updated on 2024-02-29 00:55:46 CET.

Flavor Version Tinstall Tcheck Ttotal Status Flags
r-devel-linux-x86_64-debian-clang 0.1.2 6.16 60.67 66.83 OK
r-devel-linux-x86_64-debian-gcc 0.1.2 3.48 43.78 47.26 OK
r-devel-linux-x86_64-fedora-clang 0.1.2 80.00 OK
r-devel-linux-x86_64-fedora-gcc 0.1.2 87.73 OK
r-devel-windows-x86_64 0.1.2 6.00 66.00 72.00 OK
r-patched-linux-x86_64 0.1.2 4.28 57.43 61.71 OK
r-release-linux-x86_64 0.1.2 5.21 57.51 62.72 OK
r-release-macos-arm64 0.1.2 36.00 OK
r-release-macos-x86_64 0.1.2 46.00 NOTE
r-release-windows-x86_64 0.1.2 6.00 72.00 78.00 OK
r-oldrel-macos-arm64 0.1.2 29.00 OK
r-oldrel-windows-x86_64 0.1.2 8.00 74.00 82.00 OK

Check Details

Version: 0.1.2
Check: package dependencies
Result: NOTE Package suggested but not available for checking: ‘survey’ Flavor: r-release-macos-x86_64