CRAN Package Check Results for Package moexer

Last updated on 2021-10-22 00:50:32 CEST.

Flavor Version Tinstall Tcheck Ttotal Status Flags
r-devel-linux-x86_64-debian-clang 0.1.0 4.06 45.78 49.84 NOTE
r-devel-linux-x86_64-debian-gcc 0.1.0 3.53 34.48 38.01 NOTE
r-devel-linux-x86_64-fedora-clang 0.1.0 71.07 NOTE
r-devel-linux-x86_64-fedora-gcc 0.1.0 67.64 NOTE
r-devel-windows-x86_64 0.1.0 9.00 64.00 73.00 NOTE
r-devel-windows-x86_64-gcc10-UCRT 0.1.0 NOTE
r-patched-linux-x86_64 0.1.0 4.50 42.33 46.83 NOTE
r-patched-solaris-x86 0.1.0 94.70 NOTE
r-release-linux-x86_64 0.1.0 3.17 42.30 45.47 NOTE
r-release-macos-arm64 0.1.0 NOTE
r-release-macos-x86_64 0.1.0 NOTE
r-release-windows-ix86+x86_64 0.1.0 16.00 68.00 84.00 NOTE
r-oldrel-macos-x86_64 0.1.0 OK
r-oldrel-windows-ix86+x86_64 0.1.0 12.00 82.00 94.00 OK

Check Details

Version: 0.1.0
Check: LazyData
Result: NOTE
     'LazyData' is specified without a 'data' directory
Flavors: r-devel-linux-x86_64-debian-clang, r-devel-linux-x86_64-debian-gcc, r-devel-linux-x86_64-fedora-clang, r-devel-linux-x86_64-fedora-gcc, r-devel-windows-x86_64, r-devel-windows-x86_64-gcc10-UCRT, r-patched-linux-x86_64, r-patched-solaris-x86, r-release-linux-x86_64, r-release-macos-arm64, r-release-macos-x86_64, r-release-windows-ix86+x86_64