CRAN Package Check Results for Package momentchi2

Last updated on 2021-12-08 00:49:24 CET.

Flavor Version Tinstall Tcheck Ttotal Status Flags
r-devel-linux-x86_64-debian-clang 0.1.5 1.97 28.24 30.21 NOTE
r-devel-linux-x86_64-debian-gcc 0.1.5 1.29 22.64 23.93 NOTE
r-devel-linux-x86_64-fedora-clang 0.1.5 38.51 NOTE
r-devel-linux-x86_64-fedora-gcc 0.1.5 27.66 NOTE
r-devel-windows-x86_64-new-UL 0.1.5 6.00 51.00 57.00 NOTE
r-devel-windows-x86_64-new-TK 0.1.5 NOTE
r-devel-windows-x86_64-old 0.1.5 5.00 26.00 31.00 NOTE
r-patched-linux-x86_64 0.1.5 2.17 27.32 29.49 NOTE
r-release-linux-x86_64 0.1.5 2.01 26.92 28.93 NOTE
r-release-macos-arm64 0.1.5 NOTE
r-release-macos-x86_64 0.1.5 NOTE
r-release-windows-ix86+x86_64 0.1.5 5.00 26.00 31.00 NOTE
r-oldrel-macos-x86_64 0.1.5 OK
r-oldrel-windows-ix86+x86_64 0.1.5 5.00 23.00 28.00 OK

Check Details

Version: 0.1.5
Check: LazyData
Result: NOTE
     'LazyData' is specified without a 'data' directory
Flavors: r-devel-linux-x86_64-debian-clang, r-devel-linux-x86_64-debian-gcc, r-devel-linux-x86_64-fedora-clang, r-devel-linux-x86_64-fedora-gcc, r-devel-windows-x86_64-new-UL, r-devel-windows-x86_64-new-TK, r-devel-windows-x86_64-old, r-patched-linux-x86_64, r-release-linux-x86_64, r-release-macos-arm64, r-release-macos-x86_64, r-release-windows-ix86+x86_64