CRAN Package Check Results for Package moments

Last updated on 2021-12-07 00:49:24 CET.

Flavor Version Tinstall Tcheck Ttotal Status Flags
r-devel-linux-x86_64-debian-clang 0.14 2.16 30.09 32.25 NOTE
r-devel-linux-x86_64-debian-gcc 0.14 1.77 24.01 25.78 NOTE
r-devel-linux-x86_64-fedora-clang 0.14 41.59 NOTE
r-devel-linux-x86_64-fedora-gcc 0.14 29.99 NOTE
r-devel-windows-x86_64-new-UL 0.14 7.00 54.00 61.00 NOTE
r-devel-windows-x86_64-new-TK 0.14 NOTE
r-devel-windows-x86_64-old 0.14 4.00 27.00 31.00 NOTE
r-patched-linux-x86_64 0.14 2.75 21.03 23.78 NOTE
r-release-linux-x86_64 0.14 2.44 29.13 31.57 NOTE
r-release-macos-arm64 0.14 NOTE
r-release-macos-x86_64 0.14 NOTE
r-release-windows-ix86+x86_64 0.14 5.00 28.00 33.00 NOTE
r-oldrel-macos-x86_64 0.14 NOTE
r-oldrel-windows-ix86+x86_64 0.14 4.00 23.00 27.00 NOTE

Check Details

Version: 0.14
Check: R code for possible problems
Result: NOTE
    agostino.test: no visible global function definition for
     'complete.cases'
    agostino.test: no visible global function definition for 'pnorm'
    anscombe.test: no visible global function definition for
     'complete.cases'
    anscombe.test: no visible global function definition for 'pnorm'
    bonett.test: no visible global function definition for 'complete.cases'
    bonett.test: no visible global function definition for 'pnorm'
    jarque.test: no visible global function definition for 'pchisq'
    Undefined global functions or variables:
     complete.cases pchisq pnorm
    Consider adding
     importFrom("stats", "complete.cases", "pchisq", "pnorm")
    to your NAMESPACE file.
Flavors: r-devel-linux-x86_64-debian-clang, r-devel-linux-x86_64-debian-gcc, r-devel-linux-x86_64-fedora-clang, r-devel-linux-x86_64-fedora-gcc, r-devel-windows-x86_64-new-UL, r-devel-windows-x86_64-new-TK, r-devel-windows-x86_64-old, r-patched-linux-x86_64, r-release-linux-x86_64, r-release-macos-arm64, r-release-macos-x86_64, r-release-windows-ix86+x86_64, r-oldrel-macos-x86_64, r-oldrel-windows-ix86+x86_64