Last updated on 2023-09-23 00:53:58 CEST.
Flavor | Version | Tinstall | Tcheck | Ttotal | Status | Flags |
---|---|---|---|---|---|---|
r-devel-linux-x86_64-debian-clang | 1.5.5 | 164.10 | 580.46 | 744.56 | OK | |
r-devel-linux-x86_64-debian-gcc | 1.5.5 | 128.41 | 411.95 | 540.36 | OK | |
r-devel-linux-x86_64-fedora-clang | 1.5.5 | 971.01 | OK | |||
r-devel-linux-x86_64-fedora-gcc | 1.5.5 | 928.25 | OK | |||
r-devel-windows-x86_64 | 1.5.5 | 130.00 | 395.00 | 525.00 | OK | |
r-patched-linux-x86_64 | 1.5.5 | 160.85 | 558.03 | 718.88 | OK | |
r-release-linux-x86_64 | 1.5.5 | 163.44 | 558.80 | 722.24 | OK | |
r-release-macos-arm64 | 1.5.5 | 267.00 | NOTE | |||
r-release-macos-x86_64 | 1.5.5 | 454.00 | NOTE | |||
r-release-windows-x86_64 | 1.5.5 | 174.00 | 537.00 | 711.00 | OK | |
r-oldrel-macos-arm64 | 1.5.5 | 232.00 | NOTE | |||
r-oldrel-macos-x86_64 | 1.5.5 | 280.00 | NOTE | |||
r-oldrel-windows-x86_64 | 1.5.5 | 169.00 | 509.00 | 678.00 | OK |
Version: 1.5.5
Check: installed package size
Result: NOTE
installed size is 9.0Mb
sub-directories of 1Mb or more:
R 2.0Mb
doc 1.7Mb
libs 4.6Mb
Flavors: r-release-macos-arm64, r-release-macos-x86_64, r-oldrel-macos-arm64, r-oldrel-macos-x86_64