Last updated on 2025-01-20 00:48:26 CET.
Flavor | Version | Tinstall | Tcheck | Ttotal | Status | Flags |
---|---|---|---|---|---|---|
r-devel-linux-x86_64-debian-clang | 1.1.5 | 2.05 | 30.67 | 32.72 | NOTE | |
r-devel-linux-x86_64-debian-gcc | 1.1.5 | 1.76 | 26.09 | 27.85 | NOTE | |
r-devel-linux-x86_64-fedora-clang | 1.1.5 | 53.12 | OK | |||
r-devel-linux-x86_64-fedora-gcc | 1.1.5 | 52.61 | OK | |||
r-devel-windows-x86_64 | 1.1.5 | 3.00 | 53.00 | 56.00 | NOTE | |
r-patched-linux-x86_64 | 1.1.5 | 3.37 | 29.31 | 32.68 | OK | |
r-release-linux-x86_64 | 1.1.5 | 2.15 | 30.08 | 32.23 | OK | |
r-release-macos-arm64 | 1.1.5 | 23.00 | OK | |||
r-release-macos-x86_64 | 1.1.5 | 32.00 | OK | |||
r-release-windows-x86_64 | 1.1.5 | 3.00 | 54.00 | 57.00 | OK | |
r-oldrel-macos-arm64 | 1.1.5 | 21.00 | OK | |||
r-oldrel-macos-x86_64 | 1.1.5 | 29.00 | OK | |||
r-oldrel-windows-x86_64 | 1.1.5 | 4.00 | 59.00 | 63.00 | OK |
Version: 1.1.5
Check: Rd cross-references
Result: NOTE
Found the following Rd file(s) with Rd \link{} targets missing package
anchors:
monmlp.fit.Rd: optimx
Please provide package anchors for all Rd \link{} targets not in the
package itself and the base packages.
Flavors: r-devel-linux-x86_64-debian-clang, r-devel-linux-x86_64-debian-gcc, r-devel-windows-x86_64