CRAN Package Check Results for Package moonBook

Last updated on 2021-10-22 00:50:32 CEST.

Flavor Version Tinstall Tcheck Ttotal Status Flags
r-devel-linux-x86_64-debian-clang 0.2.4 5.15 66.51 71.66 OK
r-devel-linux-x86_64-debian-gcc 0.2.4 4.56 49.91 54.47 OK
r-devel-linux-x86_64-fedora-clang 0.2.4 97.57 NOTE
r-devel-linux-x86_64-fedora-gcc 0.2.4 85.03 NOTE
r-devel-windows-x86_64 0.2.4 9.00 92.00 101.00 OK
r-devel-windows-x86_64-gcc10-UCRT 0.2.4 NOTE
r-patched-linux-x86_64 0.2.4 6.37 65.43 71.80 OK
r-patched-solaris-x86 0.2.4 99.10 NOTE
r-release-linux-x86_64 0.2.4 5.80 65.72 71.52 OK
r-release-macos-arm64 0.2.4 NOTE
r-release-macos-x86_64 0.2.4 NOTE
r-release-windows-ix86+x86_64 0.2.4 12.00 100.00 112.00 OK
r-oldrel-macos-x86_64 0.2.4 NOTE
r-oldrel-windows-ix86+x86_64 0.2.4 12.00 100.00 112.00 OK

Check Details

Version: 0.2.4
Check: dependencies in R code
Result: NOTE
    Namespace in Imports field not imported from: ‘ztable’
     All declared Imports should be used.
Flavors: r-devel-linux-x86_64-fedora-clang, r-devel-linux-x86_64-fedora-gcc, r-devel-windows-x86_64-gcc10-UCRT, r-patched-solaris-x86, r-release-macos-arm64, r-release-macos-x86_64, r-oldrel-macos-x86_64