CRAN Package Check Results for Package mopac

Last updated on 2021-10-16 00:49:22 CEST.

Flavor Version Tinstall Tcheck Ttotal Status Flags
r-devel-linux-x86_64-debian-clang 0.1.0 2.28 19.23 21.51 OK
r-devel-linux-x86_64-debian-gcc 0.1.0 1.74 15.34 17.08 OK
r-devel-linux-x86_64-fedora-clang 0.1.0 36.50 NOTE
r-devel-linux-x86_64-fedora-gcc 0.1.0 25.53 NOTE
r-devel-windows-x86_64 0.1.0 5.00 26.00 31.00 OK
r-devel-windows-x86_64-gcc10-UCRT 0.1.0 NOTE
r-patched-linux-x86_64 0.1.0 2.27 18.60 20.87 OK
r-patched-solaris-x86 0.1.0 39.90 NOTE
r-release-linux-x86_64 0.1.0 2.15 18.87 21.02 OK
r-release-macos-arm64 0.1.0 NOTE
r-release-macos-x86_64 0.1.0 NOTE
r-release-windows-ix86+x86_64 0.1.0 5.00 41.00 46.00 OK
r-oldrel-macos-x86_64 0.1.0 NOTE
r-oldrel-windows-ix86+x86_64 0.1.0 6.00 40.00 46.00 OK

Check Details

Version: 0.1.0
Check: data for non-ASCII characters
Result: NOTE
     Note: found 13 marked UTF-8 strings
Flavors: r-devel-linux-x86_64-fedora-clang, r-devel-linux-x86_64-fedora-gcc, r-devel-windows-x86_64-gcc10-UCRT, r-patched-solaris-x86, r-release-macos-arm64, r-release-macos-x86_64, r-oldrel-macos-x86_64