CRAN Package Check Results for Package morse

Last updated on 2021-10-23 00:49:00 CEST.

Flavor Version Tinstall Tcheck Ttotal Status Flags
r-devel-linux-x86_64-debian-clang 3.3.1 15.28 366.21 381.49 OK
r-devel-linux-x86_64-debian-gcc 3.3.1 10.98 239.77 250.75 OK
r-devel-linux-x86_64-fedora-clang 3.3.1 353.93 NOTE --no-vignettes
r-devel-linux-x86_64-fedora-gcc 3.3.1 371.83 NOTE --no-vignettes
r-devel-windows-x86_64 3.3.1 24.00 340.00 364.00 OK --no-vignettes
r-devel-windows-x86_64-gcc10-UCRT 3.3.1 OK
r-patched-linux-x86_64 3.3.1 13.42 341.03 354.45 OK
r-patched-solaris-x86 3.3.1 824.30 OK --no-vignettes
r-release-linux-x86_64 3.3.1 10.32 358.91 369.23 OK
r-release-macos-arm64 3.3.1 OK
r-release-macos-x86_64 3.3.1 OK
r-release-windows-ix86+x86_64 3.3.1 20.00 578.00 598.00 OK --no-vignettes
r-oldrel-macos-x86_64 3.3.1 OK
r-oldrel-windows-ix86+x86_64 3.3.1 30.00 559.00 589.00 OK --no-vignettes

Check Details

Version: 3.3.1
Flags: --no-vignettes
Check: compiled code
Result: NOTE
    File ‘morse/libs/morse.so’:
     Found no calls to: ‘R_registerRoutines’, ‘R_useDynamicSymbols’
    
    It is good practice to register native routines and to disable symbol
    search.
    
    See ‘Writing portable packages’ in the ‘Writing R Extensions’ manual.
Flavors: r-devel-linux-x86_64-fedora-clang, r-devel-linux-x86_64-fedora-gcc