Last updated on 2023-09-22 00:53:23 CEST.
Flavor | Version | Tinstall | Tcheck | Ttotal | Status | Flags |
---|---|---|---|---|---|---|
r-devel-linux-x86_64-debian-clang | 1.8.4.2 | 32.40 | 465.42 | 497.82 | OK | |
r-devel-linux-x86_64-debian-gcc | 1.8.4.2 | 25.12 | 340.08 | 365.20 | OK | |
r-devel-linux-x86_64-fedora-clang | 1.8.4.2 | 615.77 | NOTE | |||
r-devel-linux-x86_64-fedora-gcc | 1.8.4.2 | 590.19 | OK | |||
r-devel-windows-x86_64 | 1.8.4.2 | 27.00 | 354.00 | 381.00 | OK | |
r-patched-linux-x86_64 | 1.8.4.2 | 28.82 | 435.14 | 463.96 | OK | |
r-release-linux-x86_64 | 1.8.4.2 | 24.36 | 443.54 | 467.90 | OK | |
r-release-macos-arm64 | 1.8.4.2 | 167.00 | OK | |||
r-release-macos-x86_64 | 1.8.4.2 | 347.00 | OK | |||
r-release-windows-x86_64 | 1.8.4.2 | 34.00 | 470.00 | 504.00 | OK | |
r-oldrel-macos-arm64 | 1.8.4.2 | 116.00 | OK | |||
r-oldrel-macos-x86_64 | 1.8.4.2 | 202.00 | OK | |||
r-oldrel-windows-x86_64 | 1.8.4.2 | 36.00 | 450.00 | 486.00 | OK |
Version: 1.8.4.2
Check: Rd cross-references
Result: NOTE
Undeclared package ‘cubature’ in Rd xrefs
Flavor: r-devel-linux-x86_64-fedora-clang