CRAN Package Check Results for Package move2

Last updated on 2024-04-17 00:54:26 CEST.

Flavor Version Tinstall Tcheck Ttotal Status Flags
r-devel-linux-x86_64-debian-clang 0.2.7 8.79 256.08 264.87 NOTE
r-devel-linux-x86_64-debian-gcc 0.2.7 8.74 186.82 195.56 NOTE
r-devel-linux-x86_64-fedora-clang 0.2.7 330.59 NOTE
r-devel-linux-x86_64-fedora-gcc 0.2.7 327.24 NOTE
r-prerel-macos-arm64 0.2.7 96.00 OK
r-prerel-windows-x86_64 0.2.7 10.00 195.00 205.00 NOTE
r-patched-linux-x86_64 0.2.7 11.67 241.17 252.84 NOTE
r-release-linux-x86_64 0.2.7 9.98 243.59 253.57 OK
r-release-macos-arm64 0.2.7 126.00 OK
r-release-macos-x86_64 0.2.7 224.00 OK
r-release-windows-x86_64 0.2.7 14.00 257.00 271.00 OK
r-oldrel-macos-arm64 0.2.7 123.00 OK
r-oldrel-windows-x86_64 0.2.7 14.00 248.00 262.00 OK

Check Details

Version: 0.2.7
Check: HTML version of manual
Result: NOTE Found the following HTML validation problems: mt_track_data.html:31:1 (mt_track_data.Rd:26): Warning: trimming empty <li> Flavors: r-devel-linux-x86_64-debian-clang, r-devel-linux-x86_64-debian-gcc, r-devel-linux-x86_64-fedora-clang, r-devel-linux-x86_64-fedora-gcc, r-prerel-windows-x86_64, r-patched-linux-x86_64